Last updated on 2023-11-29 04:57:21 CET.
Flavor | Version | Tinstall | Tcheck | Ttotal | Status | Flags |
---|---|---|---|---|---|---|
r-devel-linux-x86_64-debian-clang | 0.9.0 | 11.76 | 550.49 | 562.25 | OK | |
r-devel-linux-x86_64-debian-gcc | 0.9.0 | 10.32 | 439.52 | 449.84 | OK | |
r-devel-linux-x86_64-fedora-clang | 0.9.0 | 678.76 | NOTE | |||
r-devel-linux-x86_64-fedora-gcc | 0.9.0 | 672.22 | NOTE | |||
r-devel-windows-x86_64 | 0.9.0 | 12.00 | 320.00 | 332.00 | OK | |
r-patched-linux-x86_64 | 0.9.0 | 9.45 | 520.54 | 529.99 | OK | |
r-release-linux-x86_64 | 0.9.0 | 8.59 | 516.13 | 524.72 | OK | |
r-release-macos-arm64 | 0.9.0 | 221.00 | OK | |||
r-release-macos-x86_64 | 0.9.0 | 346.00 | OK | |||
r-release-windows-x86_64 | 0.9.0 | 16.00 | 403.00 | 419.00 | OK | |
r-oldrel-macos-arm64 | 0.9.0 | 205.00 | NOTE | |||
r-oldrel-macos-x86_64 | 0.9.0 | 383.00 | NOTE | |||
r-oldrel-windows-x86_64 | 0.9.0 | 17.00 | 403.00 | 420.00 | OK |
Version: 0.9.0
Check: dependencies in R code
Result: NOTE
Namespace in Imports field not imported from: ‘dtplyr’
All declared Imports should be used.
Flavors: r-devel-linux-x86_64-fedora-clang, r-devel-linux-x86_64-fedora-gcc, r-oldrel-macos-arm64, r-oldrel-macos-x86_64