Last updated on 2023-12-01 04:53:55 CET.
Flavor | Version | Tinstall | Tcheck | Ttotal | Status | Flags |
---|---|---|---|---|---|---|
r-devel-linux-x86_64-debian-clang | 1.2.0 | 67.37 | 234.99 | 302.36 | OK | |
r-devel-linux-x86_64-debian-gcc | 1.2.0 | 44.57 | 173.09 | 217.66 | OK | |
r-devel-linux-x86_64-fedora-clang | 1.2.0 | 389.44 | OK | |||
r-devel-linux-x86_64-fedora-gcc | 1.2.0 | 392.03 | OK | |||
r-devel-windows-x86_64 | 1.2.0 | 56.00 | 244.00 | 300.00 | OK | |
r-patched-linux-x86_64 | 1.2.0 | 37.14 | 216.23 | 253.37 | OK | |
r-release-linux-x86_64 | 1.2.0 | 39.31 | 228.55 | 267.86 | OK | |
r-release-macos-arm64 | 1.2.0 | 114.00 | OK | |||
r-release-macos-x86_64 | 1.2.0 | 11.00 | ERROR | |||
r-release-windows-x86_64 | 1.2.0 | 69.00 | 270.00 | 339.00 | OK | |
r-oldrel-macos-arm64 | 1.2.0 | 130.00 | OK | |||
r-oldrel-macos-x86_64 | 1.2.0 | 168.00 | OK | |||
r-oldrel-windows-x86_64 | 1.2.0 | 67.00 | 265.00 | 332.00 | OK |
Version: 1.2.0
Check: package dependencies
Result: ERROR
Package required but not available: ‘RGN’
See section ‘The DESCRIPTION file’ in the ‘Writing R Extensions’
manual.
Flavor: r-release-macos-x86_64