CRAN Package Check Results for Package forImage

Last updated on 2024-07-22 05:49:51 CEST.

Flavor Version Tinstall Tcheck Ttotal Status Flags
r-devel-linux-x86_64-debian-clang 0.1.0 6.17 89.92 96.09 NOTE
r-devel-linux-x86_64-debian-gcc 0.1.0 5.97 69.16 75.13 NOTE
r-devel-linux-x86_64-fedora-clang 0.1.0 128.06 NOTE
r-devel-linux-x86_64-fedora-gcc 0.1.0 126.60 NOTE
r-devel-windows-x86_64 0.1.0 10.00 86.00 96.00 NOTE
r-patched-linux-x86_64 0.1.0 7.34 87.11 94.45 NOTE
r-release-linux-x86_64 0.1.0 7.40 87.11 94.51 NOTE
r-release-macos-arm64 0.1.0 41.00 NOTE
r-release-macos-x86_64 0.1.0 65.00 NOTE
r-release-windows-x86_64 0.1.0 8.00 84.00 92.00 NOTE
r-oldrel-macos-arm64 0.1.0 46.00 OK
r-oldrel-macos-x86_64 0.1.0 68.00 OK
r-oldrel-windows-x86_64 0.1.0 10.00 98.00 108.00 OK

Check Details

Version: 0.1.0
Check: Rd files
Result: NOTE checkRd: (-1) depth.Rd:17: Lost braces; missing escapes or markup? 17 | \item {file} : {filename} | ^ checkRd: (-1) depth.Rd:18: Lost braces; missing escapes or markup? 18 | \item {z_depth} : {measured focus range depth (z)}} | ^ Flavors: r-devel-linux-x86_64-debian-clang, r-devel-linux-x86_64-debian-gcc, r-devel-linux-x86_64-fedora-clang, r-devel-linux-x86_64-fedora-gcc, r-devel-windows-x86_64, r-patched-linux-x86_64, r-release-linux-x86_64, r-release-macos-arm64, r-release-macos-x86_64, r-release-windows-x86_64

Version: 0.1.0
Check: Rd cross-references
Result: NOTE Found the following Rd file(s) with Rd \link{} targets missing package anchors: bio.volume.Rd: volume Please provide package anchors for all Rd \link{} targets not in the package itself and the base packages. Flavors: r-devel-linux-x86_64-debian-gcc, r-devel-windows-x86_64