Last updated on 2023-12-06 04:55:51 CET.
Flavor | Version | Tinstall | Tcheck | Ttotal | Status | Flags |
---|---|---|---|---|---|---|
r-devel-linux-x86_64-debian-clang | 0.1.0 | 6.52 | 89.07 | 95.59 | NOTE | |
r-devel-linux-x86_64-debian-gcc | 0.1.0 | 5.66 | 68.17 | 73.83 | NOTE | |
r-devel-linux-x86_64-fedora-clang | 0.1.0 | 119.20 | OK | |||
r-devel-linux-x86_64-fedora-gcc | 0.1.0 | 125.84 | OK | |||
r-devel-windows-x86_64 | 0.1.0 | 8.00 | 86.00 | 94.00 | OK | |
r-patched-linux-x86_64 | 0.1.0 | 7.26 | 86.55 | 93.81 | OK | |
r-release-linux-x86_64 | 0.1.0 | 7.41 | 88.76 | 96.17 | OK | |
r-release-macos-arm64 | 0.1.0 | 46.00 | OK | |||
r-release-macos-x86_64 | 0.1.0 | 68.00 | OK | |||
r-release-windows-x86_64 | 0.1.0 | 9.00 | 100.00 | 109.00 | OK | |
r-oldrel-macos-arm64 | 0.1.0 | 35.00 | OK | |||
r-oldrel-macos-x86_64 | 0.1.0 | 67.00 | OK | |||
r-oldrel-windows-x86_64 | 0.1.0 | 10.00 | 97.00 | 107.00 | OK |
Version: 0.1.0
Check: Rd files
Result: NOTE
checkRd: (-1) depth.Rd:17: Lost braces; missing escapes or markup?
17 | \item {file} : {filename}
| ^
checkRd: (-1) depth.Rd:18: Lost braces; missing escapes or markup?
18 | \item {z_depth} : {measured focus range depth (z)}}
| ^
Flavors: r-devel-linux-x86_64-debian-clang, r-devel-linux-x86_64-debian-gcc