CRAN Package Check Results for Package footprint

Last updated on 2023-12-10 04:55:57 CET.

Flavor Version Tinstall Tcheck Ttotal Status Flags
r-devel-linux-x86_64-debian-clang 0.1 3.33 49.02 52.35 NOTE
r-devel-linux-x86_64-debian-gcc 0.1 3.64 36.97 40.61 NOTE
r-devel-linux-x86_64-fedora-clang 0.1 66.75 NOTE
r-devel-linux-x86_64-fedora-gcc 0.1 73.41 NOTE
r-devel-windows-x86_64 0.1 6.00 57.00 63.00 NOTE
r-patched-linux-x86_64 0.1 3.92 48.04 51.96 NOTE
r-release-linux-x86_64 0.1 3.18 46.32 49.50 NOTE
r-release-macos-arm64 0.1 30.00 NOTE
r-release-macos-x86_64 0.1 44.00 NOTE
r-release-windows-x86_64 0.1 6.00 62.00 68.00 NOTE
r-oldrel-macos-arm64 0.1 24.00 NOTE
r-oldrel-macos-x86_64 0.1 47.00 NOTE
r-oldrel-windows-x86_64 0.1 6.00 66.00 72.00 NOTE

Check Details

Version: 0.1
Check: LazyData
Result: NOTE 'LazyData' is specified without a 'data' directory Flavors: r-devel-linux-x86_64-debian-clang, r-devel-linux-x86_64-debian-gcc, r-devel-linux-x86_64-fedora-clang, r-devel-linux-x86_64-fedora-gcc, r-devel-windows-x86_64, r-patched-linux-x86_64, r-release-linux-x86_64, r-release-macos-arm64, r-release-macos-x86_64, r-release-windows-x86_64, r-oldrel-macos-arm64, r-oldrel-macos-x86_64, r-oldrel-windows-x86_64