CRAN Package Check Results for Package foolbox

Last updated on 2023-12-10 04:55:57 CET.

Flavor Version Tinstall Tcheck Ttotal Status Flags
r-devel-linux-x86_64-debian-clang 0.1.1 2.97 159.78 162.75 NOTE
r-devel-linux-x86_64-debian-gcc 0.1.1 2.20 118.66 120.86 NOTE
r-devel-linux-x86_64-fedora-clang 0.1.1 198.45 NOTE
r-devel-linux-x86_64-fedora-gcc 0.1.1 202.25 NOTE
r-devel-windows-x86_64 0.1.1 3.00 129.00 132.00 NOTE
r-patched-linux-x86_64 0.1.1 3.22 152.70 155.92 NOTE
r-release-linux-x86_64 0.1.1 3.29 152.98 156.27 NOTE
r-release-macos-arm64 0.1.1 66.00 NOTE
r-release-macos-x86_64 0.1.1 114.00 NOTE
r-release-windows-x86_64 0.1.1 6.00 159.00 165.00 NOTE
r-oldrel-macos-arm64 0.1.1 60.00 NOTE
r-oldrel-macos-x86_64 0.1.1 52.00 NOTE
r-oldrel-windows-x86_64 0.1.1 6.00 157.00 163.00 NOTE

Check Details

Version: 0.1.1
Check: LazyData
Result: NOTE 'LazyData' is specified without a 'data' directory Flavors: r-devel-linux-x86_64-debian-clang, r-devel-linux-x86_64-debian-gcc, r-devel-linux-x86_64-fedora-clang, r-devel-linux-x86_64-fedora-gcc, r-devel-windows-x86_64, r-patched-linux-x86_64, r-release-linux-x86_64, r-release-macos-arm64, r-release-macos-x86_64, r-release-windows-x86_64, r-oldrel-macos-arm64, r-oldrel-macos-x86_64, r-oldrel-windows-x86_64