Last updated on 2023-12-04 05:09:05 CET.
Flavor | Version | Tinstall | Tcheck | Ttotal | Status | Flags |
---|---|---|---|---|---|---|
r-devel-linux-x86_64-debian-clang | 0.1.0 | 8.23 | 74.17 | 82.40 | NOTE | |
r-devel-linux-x86_64-debian-gcc | 0.1.0 | 5.79 | 55.42 | 61.21 | NOTE | |
r-devel-linux-x86_64-fedora-clang | 0.1.0 | 101.39 | NOTE | |||
r-devel-linux-x86_64-fedora-gcc | 0.1.0 | 313.07 | NOTE | |||
r-devel-windows-x86_64 | 0.1.0 | 8.00 | 75.00 | 83.00 | NOTE | |
r-patched-linux-x86_64 | 0.1.0 | 10.81 | 68.40 | 79.21 | NOTE | |
r-release-linux-x86_64 | 0.1.0 | 6.52 | 68.11 | 74.63 | NOTE | |
r-release-macos-arm64 | 0.1.0 | 120.00 | NOTE | |||
r-release-macos-x86_64 | 0.1.0 | 159.00 | NOTE | |||
r-release-windows-x86_64 | 0.1.0 | 10.00 | 82.00 | 92.00 | NOTE | |
r-oldrel-macos-arm64 | 0.1.0 | 109.00 | NOTE | |||
r-oldrel-macos-x86_64 | 0.1.0 | 160.00 | NOTE | |||
r-oldrel-windows-x86_64 | 0.1.0 | 13.00 | 87.00 | 100.00 | NOTE |
Version: 0.1.0
Check: package subdirectories
Result: NOTE
Problems with news in ‘NEWS.md’:
No news entries found.
Flavors: r-devel-linux-x86_64-debian-clang, r-devel-linux-x86_64-debian-gcc, r-devel-linux-x86_64-fedora-clang, r-devel-linux-x86_64-fedora-gcc, r-devel-windows-x86_64, r-patched-linux-x86_64, r-release-linux-x86_64, r-release-macos-arm64, r-release-macos-x86_64, r-release-windows-x86_64
Version: 0.1.0
Check: LazyData
Result: NOTE
'LazyData' is specified without a 'data' directory
Flavors: r-devel-linux-x86_64-debian-clang, r-devel-linux-x86_64-debian-gcc, r-devel-linux-x86_64-fedora-clang, r-devel-linux-x86_64-fedora-gcc, r-devel-windows-x86_64, r-patched-linux-x86_64, r-release-linux-x86_64, r-release-macos-arm64, r-release-macos-x86_64, r-release-windows-x86_64, r-oldrel-macos-arm64, r-oldrel-macos-x86_64, r-oldrel-windows-x86_64
Version: 0.1.0
Check: dependencies in R code
Result: NOTE
Namespace in Imports field not imported from: ‘grid’
All declared Imports should be used.
Flavors: r-devel-linux-x86_64-fedora-clang, r-devel-linux-x86_64-fedora-gcc, r-oldrel-macos-arm64, r-oldrel-macos-x86_64
Version: 0.1.0
Check: package dependencies
Result: NOTE
Package suggested but not available for checking: ‘minet’
Flavors: r-release-macos-x86_64, r-oldrel-macos-arm64