Last updated on 2023-12-11 04:51:05 CET.
Flavor | Version | Tinstall | Tcheck | Ttotal | Status | Flags |
---|---|---|---|---|---|---|
r-devel-linux-x86_64-debian-clang | 0.0-1 | 43.22 | 102.66 | 145.88 | NOTE | |
r-devel-linux-x86_64-debian-gcc | 0.0-1 | 31.55 | 78.95 | 110.50 | NOTE | |
r-devel-linux-x86_64-fedora-clang | 0.0-1 | 193.83 | NOTE | |||
r-devel-linux-x86_64-fedora-gcc | 0.0-1 | 186.67 | NOTE | |||
r-devel-windows-x86_64 | 0.0-1 | 36.00 | 104.00 | 140.00 | NOTE | |
r-patched-linux-x86_64 | 0.0-1 | 37.65 | 105.06 | 142.71 | NOTE | |
r-release-linux-x86_64 | 0.0-1 | 38.33 | 101.22 | 139.55 | NOTE | |
r-release-macos-arm64 | 0.0-1 | 54.00 | NOTE | |||
r-release-macos-x86_64 | 0.0-1 | 94.00 | NOTE | |||
r-release-windows-x86_64 | 0.0-1 | 44.00 | 128.00 | 172.00 | NOTE | |
r-oldrel-macos-arm64 | 0.0-1 | 50.00 | OK | |||
r-oldrel-macos-x86_64 | 0.0-1 | 65.00 | NOTE | |||
r-oldrel-windows-x86_64 | 0.0-1 | 44.00 | 121.00 | 165.00 | OK |
Version: 0.0-1
Check: C++ specification
Result: NOTE
Specified C++11: please drop specification unless essential
Flavors: r-devel-linux-x86_64-debian-clang, r-devel-linux-x86_64-debian-gcc, r-devel-linux-x86_64-fedora-clang, r-devel-linux-x86_64-fedora-gcc, r-devel-windows-x86_64, r-patched-linux-x86_64, r-release-linux-x86_64, r-release-macos-arm64, r-release-macos-x86_64, r-release-windows-x86_64
Version: 0.0-1
Check: dependencies in R code
Result: NOTE
Namespace in Imports field not imported from: ‘MASS’
All declared Imports should be used.
Flavors: r-devel-linux-x86_64-fedora-clang, r-devel-linux-x86_64-fedora-gcc, r-oldrel-macos-x86_64