Last updated on 2023-12-04 05:09:05 CET.
Flavor | Version | Tinstall | Tcheck | Ttotal | Status | Flags |
---|---|---|---|---|---|---|
r-devel-linux-x86_64-debian-clang | 0.3.4 | 40.59 | 72.79 | 113.38 | OK | |
r-devel-linux-x86_64-debian-gcc | 0.3.4 | 38.15 | 55.84 | 93.99 | OK | |
r-devel-linux-x86_64-fedora-clang | 0.3.4 | 157.36 | NOTE | |||
r-devel-linux-x86_64-fedora-gcc | 0.3.4 | 151.09 | OK | |||
r-devel-windows-x86_64 | 0.3.4 | 43.00 | 73.00 | 116.00 | NOTE | |
r-patched-linux-x86_64 | 0.3.4 | 43.40 | 69.61 | 113.01 | OK | |
r-release-linux-x86_64 | 0.3.4 | 42.03 | 69.18 | 111.21 | OK | |
r-release-macos-arm64 | 0.3.4 | 66.00 | NOTE | |||
r-release-macos-x86_64 | 0.3.4 | 85.00 | NOTE | |||
r-release-windows-x86_64 | 0.3.4 | 51.00 | 82.00 | 133.00 | NOTE | |
r-oldrel-macos-arm64 | 0.3.4 | 61.00 | NOTE | |||
r-oldrel-macos-x86_64 | 0.3.4 | 92.00 | NOTE | |||
r-oldrel-windows-x86_64 | 0.3.4 | 52.00 | 78.00 | 130.00 | NOTE |
Version: 0.3.4
Check: installed package size
Result: NOTE
installed size is 7.2Mb
sub-directories of 1Mb or more:
R 7.0Mb
Flavors: r-devel-linux-x86_64-fedora-clang, r-devel-windows-x86_64, r-release-macos-arm64, r-release-macos-x86_64, r-release-windows-x86_64, r-oldrel-macos-arm64, r-oldrel-macos-x86_64, r-oldrel-windows-x86_64