Last updated on 2023-12-07 04:56:22 CET.
Flavor | Version | Tinstall | Tcheck | Ttotal | Status | Flags |
---|---|---|---|---|---|---|
r-devel-linux-x86_64-debian-clang | 0.3.3 | 34.60 | 107.15 | 141.75 | OK | |
r-devel-linux-x86_64-debian-gcc | 0.3.3 | 26.13 | 81.05 | 107.18 | OK | |
r-devel-linux-x86_64-fedora-clang | 0.3.3 | 192.16 | NOTE | |||
r-devel-linux-x86_64-fedora-gcc | 0.3.3 | 187.99 | OK | |||
r-devel-windows-x86_64 | 0.3.3 | 32.00 | 114.00 | 146.00 | NOTE | |
r-patched-linux-x86_64 | 0.3.3 | 21.30 | 101.35 | 122.65 | OK | |
r-release-linux-x86_64 | 0.3.3 | 25.69 | 102.75 | 128.44 | OK | |
r-release-macos-arm64 | 0.3.3 | 60.00 | NOTE | |||
r-release-macos-x86_64 | 0.3.3 | 125.00 | NOTE | |||
r-release-windows-x86_64 | 0.3.3 | 41.00 | 137.00 | 178.00 | NOTE | |
r-oldrel-macos-arm64 | 0.3.3 | 62.00 | NOTE | |||
r-oldrel-macos-x86_64 | 0.3.3 | 79.00 | NOTE | |||
r-oldrel-windows-x86_64 | 0.3.3 | 40.00 | 132.00 | 172.00 | NOTE |
Version: 0.3.3
Check: installed package size
Result: NOTE
installed size is 9.9Mb
sub-directories of 1Mb or more:
doc 9.1Mb
Flavors: r-devel-linux-x86_64-fedora-clang, r-devel-windows-x86_64, r-release-macos-arm64, r-release-macos-x86_64, r-release-windows-x86_64, r-oldrel-macos-arm64, r-oldrel-macos-x86_64, r-oldrel-windows-x86_64