Last updated on 2023-11-29 04:57:21 CET.
Flavor | Version | Tinstall | Tcheck | Ttotal | Status | Flags |
---|---|---|---|---|---|---|
r-devel-linux-x86_64-debian-clang | 1.4-1 | 12.74 | 91.61 | 104.35 | NOTE | |
r-devel-linux-x86_64-debian-gcc | 1.4-1 | 10.61 | 68.30 | 78.91 | NOTE | |
r-devel-linux-x86_64-fedora-clang | 1.4-1 | 126.66 | NOTE | |||
r-devel-linux-x86_64-fedora-gcc | 1.4-1 | 129.59 | NOTE | |||
r-devel-windows-x86_64 | 1.4-1 | 14.00 | 94.00 | 108.00 | NOTE | |
r-patched-linux-x86_64 | 1.4-1 | 11.69 | 87.83 | 99.52 | NOTE | |
r-release-linux-x86_64 | 1.4-1 | 13.84 | 87.42 | 101.26 | NOTE | |
r-release-macos-arm64 | 1.4-1 | 39.00 | NOTE | |||
r-release-macos-x86_64 | 1.4-1 | 63.00 | NOTE | |||
r-release-windows-x86_64 | 1.4-1 | 19.00 | 108.00 | 127.00 | NOTE | |
r-oldrel-macos-arm64 | 1.4-1 | 41.00 | OK | |||
r-oldrel-macos-x86_64 | 1.4-1 | 58.00 | OK | |||
r-oldrel-windows-x86_64 | 1.4-1 | 20.00 | 111.00 | 131.00 | OK |
Version: 1.4-1
Check: Rd files
Result: NOTE
checkRd: (-1) cclust.Rd:78: Escaped LaTeX specials: \&
checkRd: (-1) randIndex.Rd:53: Escaped LaTeX specials: \&
checkRd: (-1) vacmot.Rd:25: Escaped LaTeX specials: \&
checkRd: (-1) vacmot.Rd:28: Escaped LaTeX specials: \&
Flavors: r-devel-linux-x86_64-debian-clang, r-devel-linux-x86_64-debian-gcc, r-devel-linux-x86_64-fedora-clang, r-devel-linux-x86_64-fedora-gcc, r-devel-windows-x86_64, r-patched-linux-x86_64, r-release-linux-x86_64, r-release-macos-arm64, r-release-macos-x86_64, r-release-windows-x86_64