CRAN Package Check Results for Package flan

Last updated on 2024-02-26 04:49:26 CET.

Flavor Version Tinstall Tcheck Ttotal Status Flags
r-devel-linux-x86_64-debian-clang 0.9 107.59 71.91 179.50 OK
r-devel-linux-x86_64-debian-gcc 0.9 83.72 54.80 138.52 OK
r-devel-linux-x86_64-fedora-clang 0.9 236.42 OK
r-devel-linux-x86_64-fedora-gcc 0.9 254.08 OK
r-devel-windows-x86_64 0.9 73.00 99.00 172.00 OK
r-patched-linux-x86_64 0.9 105.91 70.96 176.87 OK
r-release-linux-x86_64 0.9 101.27 71.03 172.30 OK
r-release-macos-arm64 0.9 63.00 NOTE
r-release-macos-x86_64 0.9 110.00 NOTE
r-release-windows-x86_64 0.9 95.00 112.00 207.00 OK
r-oldrel-macos-arm64 0.9 58.00 NOTE
r-oldrel-windows-x86_64 0.9 91.00 118.00 209.00 OK

Check Details

Version: 0.9
Check: installed package size
Result: NOTE installed size is 7.8Mb sub-directories of 1Mb or more: libs 7.6Mb Flavors: r-release-macos-arm64, r-release-macos-x86_64, r-oldrel-macos-arm64