Last updated on 2023-12-09 04:50:51 CET.
Flavor | Version | Tinstall | Tcheck | Ttotal | Status | Flags |
---|---|---|---|---|---|---|
r-devel-linux-x86_64-debian-clang | 0.1.0 | 68.65 | 174.84 | 243.49 | NOTE | |
r-devel-linux-x86_64-debian-gcc | 0.1.0 | 47.42 | 125.63 | 173.05 | NOTE | |
r-devel-linux-x86_64-fedora-clang | 0.1.0 | 322.72 | NOTE | |||
r-devel-linux-x86_64-fedora-gcc | 0.1.0 | 323.75 | NOTE | |||
r-devel-windows-x86_64 | 0.1.0 | 55.00 | 178.00 | 233.00 | NOTE | |
r-patched-linux-x86_64 | 0.1.0 | 56.89 | 170.38 | 227.27 | NOTE | |
r-release-linux-x86_64 | 0.1.0 | 52.00 | 167.84 | 219.84 | NOTE | |
r-release-macos-arm64 | 0.1.0 | 85.00 | NOTE | |||
r-release-macos-x86_64 | 0.1.0 | 176.00 | NOTE | |||
r-release-windows-x86_64 | 0.1.0 | 68.00 | 208.00 | 276.00 | NOTE | |
r-oldrel-macos-arm64 | 0.1.0 | 74.00 | NOTE | |||
r-oldrel-macos-x86_64 | 0.1.0 | 114.00 | NOTE | |||
r-oldrel-windows-x86_64 | 0.1.0 | 70.00 | 205.00 | 275.00 | NOTE |
Version: 0.1.0
Check: C++ specification
Result: NOTE
Specified C++11: please drop specification unless essential
Flavors: r-devel-linux-x86_64-debian-clang, r-devel-linux-x86_64-debian-gcc, r-devel-linux-x86_64-fedora-clang, r-devel-linux-x86_64-fedora-gcc, r-devel-windows-x86_64, r-patched-linux-x86_64, r-release-linux-x86_64, r-release-macos-arm64, r-release-macos-x86_64, r-release-windows-x86_64
Version: 0.1.0
Check: Rd files
Result: NOTE
checkRd: (-1) ModelMixHMM-class.Rd:31: Lost braces; missing escapes or markup?
31 | \code{smoothed} of class {StatMixHMM}).
| ^
checkRd: (-1) ModelMixHMMR-class.Rd:31: Lost braces; missing escapes or markup?
31 | \code{smoothed} of class {StatMixHMMR}).
| ^
Flavors: r-devel-linux-x86_64-debian-clang, r-devel-linux-x86_64-debian-gcc
Version: 0.1.0
Check: installed package size
Result: NOTE
installed size is 5.9Mb
sub-directories of 1Mb or more:
doc 1.9Mb
help 2.3Mb
libs 1.3Mb
Flavors: r-devel-windows-x86_64, r-release-macos-arm64, r-release-macos-x86_64, r-release-windows-x86_64, r-oldrel-macos-arm64, r-oldrel-macos-x86_64, r-oldrel-windows-x86_64