Last updated on 2023-09-30 06:08:39 CEST.
Flavor | Version | Tinstall | Tcheck | Ttotal | Status | Flags |
---|---|---|---|---|---|---|
r-devel-linux-x86_64-debian-clang | 0.1.0 | 7.36 | 60.70 | 68.06 | OK | |
r-devel-linux-x86_64-debian-gcc | 0.1.0 | 5.91 | 45.90 | 51.81 | OK | |
r-devel-linux-x86_64-fedora-clang | 0.1.0 | 83.42 | NOTE | |||
r-devel-linux-x86_64-fedora-gcc | 0.1.0 | 83.92 | OK | |||
r-devel-windows-x86_64 | 0.1.0 | 9.00 | 63.00 | 72.00 | OK | |
r-patched-linux-x86_64 | 0.1.0 | 5.62 | 58.28 | 63.90 | OK | |
r-release-linux-x86_64 | 0.1.0 | 4.90 | 58.00 | 62.90 | OK | |
r-release-macos-arm64 | 0.1.0 | 29.00 | OK | |||
r-release-macos-x86_64 | 0.1.0 | 39.00 | OK | |||
r-release-windows-x86_64 | 0.1.0 | 10.00 | 73.00 | 83.00 | OK | |
r-oldrel-macos-arm64 | 0.1.0 | 24.00 | OK | |||
r-oldrel-macos-x86_64 | 0.1.0 | 39.00 | OK | |||
r-oldrel-windows-x86_64 | 0.1.0 | 11.00 | 76.00 | 87.00 | OK |
Version: 0.1.0
Check: Rd cross-references
Result: NOTE
Undeclared package ‘ks’ in Rd xrefs
Flavor: r-devel-linux-x86_64-fedora-clang