CRAN Package Check Results for Package fipp

Last updated on 2024-03-03 04:48:36 CET.

Flavor Version Tinstall Tcheck Ttotal Status Flags
r-devel-linux-x86_64-debian-clang 1.0.0 31.59 74.05 105.64 NOTE
r-devel-linux-x86_64-debian-gcc 1.0.0 24.12 52.99 77.11 NOTE
r-devel-linux-x86_64-fedora-clang 1.0.0 142.16 NOTE
r-devel-linux-x86_64-fedora-gcc 1.0.0 144.90 NOTE
r-devel-windows-x86_64 1.0.0 25.00 90.00 115.00 NOTE
r-patched-linux-x86_64 1.0.0 29.62 70.16 99.78 NOTE
r-release-linux-x86_64 1.0.0 26.55 70.60 97.15 NOTE
r-release-macos-arm64 1.0.0 41.00 NOTE
r-release-macos-x86_64 1.0.0 70.00 NOTE
r-release-windows-x86_64 1.0.0 28.00 105.00 133.00 NOTE
r-oldrel-macos-arm64 1.0.0 37.00 NOTE
r-oldrel-windows-x86_64 1.0.0 31.00 105.00 136.00 NOTE

Check Details

Version: 1.0.0
Check: C++ specification
Result: NOTE Specified C++11: please drop specification unless essential Flavors: r-devel-linux-x86_64-debian-clang, r-devel-linux-x86_64-debian-gcc, r-devel-linux-x86_64-fedora-clang, r-devel-linux-x86_64-fedora-gcc, r-devel-windows-x86_64, r-patched-linux-x86_64, r-release-linux-x86_64, r-release-macos-arm64, r-release-macos-x86_64, r-release-windows-x86_64

Version: 1.0.0
Check: LazyData
Result: NOTE 'LazyData' is specified without a 'data' directory Flavors: r-devel-linux-x86_64-debian-clang, r-devel-linux-x86_64-debian-gcc, r-devel-linux-x86_64-fedora-clang, r-devel-linux-x86_64-fedora-gcc, r-devel-windows-x86_64, r-patched-linux-x86_64, r-release-linux-x86_64, r-release-macos-arm64, r-release-macos-x86_64, r-release-windows-x86_64, r-oldrel-macos-arm64, r-oldrel-windows-x86_64