CRAN Package Check Results for Package fingraph

Last updated on 2023-10-02 05:57:57 CEST.

Flavor Version Tinstall Tcheck Ttotal Status Flags
r-devel-linux-x86_64-debian-clang 0.1.0 2.66 42.55 45.21 OK
r-devel-linux-x86_64-debian-gcc 0.1.0 2.71 31.58 34.29 OK
r-devel-linux-x86_64-fedora-clang 0.1.0 49.63 NOTE
r-devel-linux-x86_64-fedora-gcc 0.1.0 48.55 NOTE
r-devel-windows-x86_64 0.1.0 4.00 50.00 54.00 OK
r-patched-linux-x86_64 0.1.0 3.43 41.19 44.62 OK
r-release-linux-x86_64 0.1.0 3.62 42.07 45.69 OK
r-release-macos-arm64 0.1.0 21.00 OK
r-release-macos-x86_64 0.1.0 27.00 OK
r-release-windows-x86_64 0.1.0 5.00 50.00 55.00 OK
r-oldrel-macos-arm64 0.1.0 20.00 OK
r-oldrel-macos-x86_64 0.1.0 29.00 OK
r-oldrel-windows-x86_64 0.1.0 6.00 61.00 67.00 OK

Check Details

Version: 0.1.0
Check: dependencies in R code
Result: NOTE
    Namespace in Imports field not imported from: ‘mvtnorm’
     All declared Imports should be used.
Flavors: r-devel-linux-x86_64-fedora-clang, r-devel-linux-x86_64-fedora-gcc