Last updated on 2023-11-28 04:57:18 CET.
Flavor | Version | Tinstall | Tcheck | Ttotal | Status | Flags |
---|---|---|---|---|---|---|
r-devel-linux-x86_64-debian-clang | 2.0.5 | 27.89 | 79.90 | 107.79 | NOTE | |
r-devel-linux-x86_64-debian-gcc | 2.0.5 | 18.30 | 52.82 | 71.12 | NOTE | |
r-devel-linux-x86_64-fedora-clang | 2.0.5 | 132.42 | NOTE | |||
r-devel-linux-x86_64-fedora-gcc | 2.0.5 | 131.27 | NOTE | |||
r-devel-windows-x86_64 | 2.0.5 | 24.00 | 100.00 | 124.00 | NOTE | |
r-patched-linux-x86_64 | 2.0.5 | 22.05 | 66.60 | 88.65 | NOTE | |
r-release-linux-x86_64 | 2.0.5 | 22.80 | 67.55 | 90.35 | NOTE | |
r-release-macos-arm64 | 2.0.5 | 51.00 | NOTE | |||
r-release-macos-x86_64 | 2.0.5 | 71.00 | NOTE | |||
r-release-windows-x86_64 | 2.0.5 | 30.00 | 112.00 | 142.00 | NOTE | |
r-oldrel-macos-arm64 | 2.0.5 | 38.00 | OK | |||
r-oldrel-macos-x86_64 | 2.0.5 | 51.00 | OK | |||
r-oldrel-windows-x86_64 | 2.0.5 | 29.00 | 109.00 | 138.00 | OK |
Version: 2.0.5
Check: C++ specification
Result: NOTE
Specified C++11: please drop specification unless essential
Flavors: r-devel-linux-x86_64-debian-clang, r-devel-linux-x86_64-debian-gcc, r-devel-linux-x86_64-fedora-clang, r-devel-linux-x86_64-fedora-gcc, r-devel-windows-x86_64, r-patched-linux-x86_64, r-release-linux-x86_64, r-release-macos-arm64, r-release-macos-x86_64, r-release-windows-x86_64