CRAN Package Check Results for Package fdaSP

Last updated on 2024-02-24 04:58:42 CET.

Flavor Version Tinstall Tcheck Ttotal Status Flags
r-devel-linux-x86_64-debian-clang 1.1.1 320.12 105.46 425.58 OK
r-devel-linux-x86_64-debian-gcc 1.1.1 212.31 77.69 290.00 OK
r-devel-linux-x86_64-fedora-clang 1.1.1 509.08 OK
r-devel-linux-x86_64-fedora-gcc 1.1.1 531.46 OK
r-devel-windows-x86_64 1.1.1 178.00 117.00 295.00 OK
r-patched-linux-x86_64 1.1.1 268.46 101.50 369.96 OK
r-release-linux-x86_64 1.1.1 234.30 102.30 336.60 OK
r-release-macos-arm64 1.1.1 130.00 NOTE
r-release-macos-x86_64 1.1.1 272.00 NOTE
r-release-windows-x86_64 1.1.1 227.00 140.00 367.00 OK
r-oldrel-macos-arm64 1.1.1 132.00 NOTE
r-oldrel-windows-x86_64 1.1.1 219.00 137.00 356.00 OK

Check Details

Version: 1.1.1
Check: installed package size
Result: NOTE installed size is 24.8Mb sub-directories of 1Mb or more: libs 24.4Mb Flavors: r-release-macos-arm64, r-release-macos-x86_64, r-oldrel-macos-arm64