CRAN Package Check Results for Package fdaACF

Last updated on 2024-03-03 04:48:35 CET.

Flavor Version Tinstall Tcheck Ttotal Status Flags
r-devel-linux-x86_64-debian-clang 1.0.0 3.34 42.86 46.20 OK
r-devel-linux-x86_64-debian-gcc 1.0.0 2.28 31.57 33.85 OK
r-devel-linux-x86_64-fedora-clang 1.0.0 56.26 OK
r-devel-linux-x86_64-fedora-gcc 1.0.0 53.84 OK
r-devel-windows-x86_64 1.0.0 4.00 59.00 63.00 OK
r-patched-linux-x86_64 1.0.0 2.47 41.24 43.71 OK
r-release-linux-x86_64 1.0.0 1.90 41.08 42.98 OK
r-release-macos-arm64 1.0.0 22.00 OK
r-release-macos-x86_64 1.0.0 30.00 NOTE
r-release-windows-x86_64 1.0.0 5.00 63.00 68.00 OK
r-oldrel-macos-arm64 1.0.0 22.00 OK
r-oldrel-windows-x86_64 1.0.0 4.00 64.00 68.00 OK

Check Details

Version: 1.0.0
Check: package dependencies
Result: NOTE Package suggested but not available for checking: ‘fields’ Flavor: r-release-macos-x86_64