CRAN Package Check Results for Package fcaR

Last updated on 2024-06-14 05:58:22 CEST.

Flavor Version Tinstall Tcheck Ttotal Status Flags
r-devel-linux-x86_64-debian-clang 1.2.2 89.88 200.61 290.49 OK
r-devel-linux-x86_64-debian-gcc 1.2.2 0.38 1.87 2.25 ERROR
r-devel-linux-x86_64-fedora-clang 1.2.2 399.12 OK
r-devel-linux-x86_64-fedora-gcc 1.2.2 386.24 OK
r-devel-windows-x86_64 1.2.2 69.00 177.00 246.00 OK
r-patched-linux-x86_64 1.2.2 75.81 185.07 260.88 OK
r-release-linux-x86_64 1.2.2 57.89 192.71 250.60 OK
r-release-macos-arm64 1.2.2 102.00 OK
r-release-macos-x86_64 1.2.2 142.00 OK
r-release-windows-x86_64 1.2.2 76.00 178.00 254.00 OK
r-oldrel-macos-arm64 1.2.2 98.00 OK
r-oldrel-macos-x86_64 1.2.2 234.00 OK
r-oldrel-windows-x86_64 1.2.2 88.00 216.00 304.00 OK

Check Details

Version: 1.2.2
Check: package dependencies
Result: ERROR Packages required but not available: 'dplyr', 'forcats', 'ggplot2', 'POSetR', 'stringr', 'tibble', 'tidyr', 'purrr' Package suggested but not available for checking: ‘testthat’ See section ‘The DESCRIPTION file’ in the ‘Writing R Extensions’ manual. Flavor: r-devel-linux-x86_64-debian-gcc