CRAN Package Check Results for Package fbroc

Last updated on 2024-02-26 04:49:26 CET.

Flavor Version Tinstall Tcheck Ttotal Status Flags
r-devel-linux-x86_64-debian-clang 0.4.1 90.39 69.05 159.44 NOTE
r-devel-linux-x86_64-debian-gcc 0.4.1 66.71 51.46 118.17 NOTE
r-devel-linux-x86_64-fedora-clang 0.4.1 234.95 OK
r-devel-linux-x86_64-fedora-gcc 0.4.1 218.84 OK
r-devel-windows-x86_64 0.4.1 71.00 95.00 166.00 OK
r-patched-linux-x86_64 0.4.1 89.76 66.25 156.01 OK
r-release-linux-x86_64 0.4.1 81.05 65.81 146.86 OK
r-release-macos-arm64 0.4.1 52.00 OK
r-release-macos-x86_64 0.4.1 87.00 OK
r-release-windows-x86_64 0.4.1 89.00 114.00 203.00 OK
r-oldrel-macos-arm64 0.4.1 51.00 OK
r-oldrel-windows-x86_64 0.4.1 86.00 106.00 192.00 OK

Check Details

Version: 0.4.1
Check: Rd files
Result: NOTE checkRd: (-1) plot.fbroc.conf.Rd:5: Lost braces 5 | \title{Plots function for object of class{fbroc.conf}} | ^ Flavors: r-devel-linux-x86_64-debian-clang, r-devel-linux-x86_64-debian-gcc