CRAN Package Check Results for Package fastrep

Last updated on 2024-02-27 04:50:36 CET.

Flavor Version Tinstall Tcheck Ttotal Status Flags
r-devel-linux-x86_64-debian-clang 0.7 4.99 50.90 55.89 OK
r-devel-linux-x86_64-debian-gcc 0.7 3.97 38.73 42.70 OK
r-devel-linux-x86_64-fedora-clang 0.7 72.54 NOTE
r-devel-linux-x86_64-fedora-gcc 0.7 77.14 NOTE
r-devel-windows-x86_64 0.7 5.00 61.00 66.00 OK
r-patched-linux-x86_64 0.7 3.40 50.57 53.97 OK
r-release-linux-x86_64 0.7 4.10 50.05 54.15 OK
r-release-macos-arm64 0.7 32.00 OK
r-release-macos-x86_64 0.7 46.00 OK
r-release-windows-x86_64 0.7 8.00 70.00 78.00 OK
r-oldrel-macos-arm64 0.7 28.00 NOTE
r-oldrel-windows-x86_64 0.7 8.00 67.00 75.00 OK

Check Details

Version: 0.7
Check: dependencies in R code
Result: NOTE Namespace in Imports field not imported from: ‘ggplot2’ All declared Imports should be used. Flavors: r-devel-linux-x86_64-fedora-clang, r-devel-linux-x86_64-fedora-gcc, r-oldrel-macos-arm64