Last updated on 2023-12-04 05:09:04 CET.
Flavor | Version | Tinstall | Tcheck | Ttotal | Status | Flags |
---|---|---|---|---|---|---|
r-devel-linux-x86_64-debian-clang | 0.0.3 | 128.07 | 68.32 | 196.39 | NOTE | |
r-devel-linux-x86_64-debian-gcc | 0.0.3 | 102.02 | 54.03 | 156.05 | NOTE | |
r-devel-linux-x86_64-fedora-clang | 0.0.3 | 247.41 | NOTE | |||
r-devel-linux-x86_64-fedora-gcc | 0.0.3 | 302.25 | NOTE | |||
r-devel-windows-x86_64 | 0.0.3 | 95.00 | 102.00 | 197.00 | NOTE | |
r-patched-linux-x86_64 | 0.0.3 | 113.72 | 68.85 | 182.57 | NOTE | |
r-release-linux-x86_64 | 0.0.3 | 115.32 | 70.05 | 185.37 | NOTE | |
r-release-macos-arm64 | 0.0.3 | 103.00 | NOTE | |||
r-release-macos-x86_64 | 0.0.3 | 151.00 | NOTE | |||
r-release-windows-x86_64 | 0.0.3 | 120.00 | 111.00 | 231.00 | NOTE | |
r-oldrel-macos-arm64 | 0.0.3 | 91.00 | NOTE | |||
r-oldrel-macos-x86_64 | 0.0.3 | 100.00 | NOTE | |||
r-oldrel-windows-x86_64 | 0.0.3 | 113.00 | 118.00 | 231.00 | OK |
Version: 0.0.3
Check: C++ specification
Result: NOTE
Specified C++11: please drop specification unless essential
Flavors: r-devel-linux-x86_64-debian-clang, r-devel-linux-x86_64-debian-gcc, r-devel-linux-x86_64-fedora-clang, r-devel-linux-x86_64-fedora-gcc, r-devel-windows-x86_64, r-patched-linux-x86_64, r-release-linux-x86_64, r-release-macos-arm64, r-release-macos-x86_64, r-release-windows-x86_64
Version: 0.0.3
Check: installed package size
Result: NOTE
installed size is 47.4Mb
sub-directories of 1Mb or more:
libs 47.2Mb
Flavors: r-release-macos-arm64, r-release-macos-x86_64, r-oldrel-macos-arm64, r-oldrel-macos-x86_64