Last updated on 2023-11-29 04:57:20 CET.
Flavor | Version | Tinstall | Tcheck | Ttotal | Status | Flags |
---|---|---|---|---|---|---|
r-devel-linux-x86_64-debian-clang | 1.2-4 | 4.42 | 24.39 | 28.81 | OK | |
r-devel-linux-x86_64-debian-gcc | 1.2-4 | 3.17 | 18.87 | 22.04 | OK | |
r-devel-linux-x86_64-fedora-clang | 1.2-4 | 35.99 | OK | |||
r-devel-linux-x86_64-fedora-gcc | 1.2-4 | 34.62 | OK | |||
r-devel-windows-x86_64 | 1.2-4 | 7.00 | 46.00 | 53.00 | WARN | |
r-patched-linux-x86_64 | 1.2-3 | 3.61 | 24.10 | 27.71 | OK | |
r-release-linux-x86_64 | 1.2-3 | 3.64 | 23.92 | 27.56 | OK | |
r-release-macos-arm64 | 1.2-4 | 30.00 | OK | |||
r-release-macos-x86_64 | 1.2-3 | 24.00 | OK | |||
r-release-windows-x86_64 | 1.2-4 | 8.00 | 44.00 | 52.00 | OK | |
r-oldrel-macos-arm64 | 1.2-4 | 31.00 | OK | |||
r-oldrel-macos-x86_64 | 1.2-3 | 24.00 | OK | |||
r-oldrel-windows-x86_64 | 1.2-4 | 6.00 | 49.00 | 55.00 | OK |
Version: 1.2-4
Check: whether package can be installed
Result: WARN
Found the following significant warnings:
ica.c:100:25: warning: format '%lu' expects argument of type 'long unsigned int', but argument 2 has type 'size_t' {aka 'long long unsigned int'} [-Wformat=]
ica.c:100:31: warning: format '%lu' expects argument of type 'long unsigned int', but argument 3 has type 'size_t' {aka 'long long unsigned int'} [-Wformat=]
See 'd:/Rcompile/CRANpkg/local/4.4/fastICA.Rcheck/00install.out' for details.
* used C compiler: 'gcc.exe (GCC) 12.3.0'
Flavor: r-devel-windows-x86_64