Last updated on 2023-09-26 06:09:02 CEST.
Flavor | Version | Tinstall | Tcheck | Ttotal | Status | Flags |
---|---|---|---|---|---|---|
r-devel-linux-x86_64-debian-clang | 2.1.1 | 33.59 | 26.96 | 60.55 | NOTE | |
r-devel-linux-x86_64-debian-gcc | 2.1.1 | 26.99 | 20.66 | 47.65 | NOTE | |
r-devel-linux-x86_64-fedora-clang | 2.1.1 | 77.71 | NOTE | |||
r-devel-linux-x86_64-fedora-gcc | 2.1.1 | 100.87 | NOTE | |||
r-devel-windows-x86_64 | 2.1.1 | 41.00 | 54.00 | 95.00 | NOTE | |
r-patched-linux-x86_64 | 2.1.1 | 41.41 | 25.86 | 67.27 | NOTE | |
r-release-linux-x86_64 | 2.1.1 | 36.39 | 26.15 | 62.54 | NOTE | |
r-release-macos-arm64 | 2.1.1 | 29.00 | NOTE | |||
r-release-macos-x86_64 | 2.1.1 | 41.00 | NOTE | |||
r-release-windows-x86_64 | 2.1.1 | 41.00 | 59.00 | 100.00 | NOTE | |
r-oldrel-macos-arm64 | 2.1.1 | 29.00 | OK | |||
r-oldrel-macos-x86_64 | 2.1.1 | 58.00 | OK | |||
r-oldrel-windows-x86_64 | 2.1.1 | 45.00 | 54.00 | 99.00 | OK |
Version: 2.1.1
Check: C++ specification
Result: NOTE
Specified C++11: please drop specification unless essential
Flavors: r-devel-linux-x86_64-debian-clang, r-devel-linux-x86_64-debian-gcc, r-devel-linux-x86_64-fedora-clang, r-devel-linux-x86_64-fedora-gcc, r-devel-windows-x86_64, r-patched-linux-x86_64, r-release-linux-x86_64, r-release-macos-arm64, r-release-macos-x86_64, r-release-windows-x86_64
Version: 2.1.1
Check: installed package size
Result: NOTE
installed size is 5.3Mb
sub-directories of 1Mb or more:
help 1.6Mb
libs 3.7Mb
Flavor: r-release-macos-x86_64