CRAN Package Check Results for Package farff

Last updated on 2023-12-10 04:55:57 CET.

Flavor Version Tinstall Tcheck Ttotal Status Flags
r-devel-linux-x86_64-debian-clang 1.1.1 6.57 47.25 53.82 OK
r-devel-linux-x86_64-debian-gcc 1.1.1 5.02 34.97 39.99 OK
r-devel-linux-x86_64-fedora-clang 1.1.1 66.25 NOTE
r-devel-linux-x86_64-fedora-gcc 1.1.1 61.22 OK
r-devel-windows-x86_64 1.1.1 11.00 56.00 67.00 OK
r-patched-linux-x86_64 1.1.1 5.53 44.44 49.97 OK
r-release-linux-x86_64 1.1.1 5.02 44.33 49.35 OK
r-release-macos-arm64 1.1.1 28.00 OK
r-release-macos-x86_64 1.1.1 38.00 OK
r-release-windows-x86_64 1.1.1 12.00 60.00 72.00 OK
r-oldrel-macos-arm64 1.1.1 23.00 OK
r-oldrel-macos-x86_64 1.1.1 48.00 NOTE
r-oldrel-windows-x86_64 1.1.1 10.00 69.00 79.00 OK

Check Details

Version: 1.1.1
Check: Rd cross-references
Result: NOTE Undeclared package ‘RWeka’ in Rd xrefs Flavor: r-devel-linux-x86_64-fedora-clang

Version: 1.1.1
Check: Rd cross-references
Result: NOTE Package unavailable to check Rd xrefs: ‘RWeka’ Flavor: r-oldrel-macos-x86_64