CRAN Package Check Results for Package factormodel

Last updated on 2024-03-02 04:48:21 CET.

Flavor Version Tinstall Tcheck Ttotal Status Flags
r-devel-linux-x86_64-debian-clang 1.0 2.69 44.47 47.16 OK
r-devel-linux-x86_64-debian-gcc 1.0 2.15 31.75 33.90 OK
r-devel-linux-x86_64-fedora-clang 1.0 60.25 NOTE
r-devel-linux-x86_64-fedora-gcc 1.0 67.97 NOTE
r-devel-windows-x86_64 1.0 4.00 60.00 64.00 OK
r-patched-linux-x86_64 1.0 1.78 42.20 43.98 OK
r-release-linux-x86_64 1.0 2.51 42.47 44.98 OK
r-release-macos-arm64 1.0 28.00 OK
r-release-macos-x86_64 1.0 41.00 OK
r-release-windows-x86_64 1.0 4.00 65.00 69.00 OK
r-oldrel-macos-arm64 1.0 21.00 NOTE
r-oldrel-windows-x86_64 1.0 5.00 67.00 72.00 OK

Check Details

Version: 1.0
Check: dependencies in R code
Result: NOTE Namespace in Imports field not imported from: ‘dplyr’ All declared Imports should be used. Flavors: r-devel-linux-x86_64-fedora-clang, r-devel-linux-x86_64-fedora-gcc, r-oldrel-macos-arm64