CRAN Package Check Results for Package facebookorganicR

Last updated on 2024-06-13 05:59:04 CEST.

Flavor Version Tinstall Tcheck Ttotal Status Flags
r-devel-linux-x86_64-debian-clang 0.1.0 1.67 27.99 29.66 OK
r-devel-linux-x86_64-debian-gcc 0.1.0 1.52 19.72 21.24 ERROR
r-devel-linux-x86_64-fedora-clang 0.1.0 40.41 OK
r-devel-linux-x86_64-fedora-gcc 0.1.0 49.35 OK
r-devel-windows-x86_64 0.1.0 3.00 43.00 46.00 OK
r-patched-linux-x86_64 0.1.0 1.90 27.40 29.30 OK
r-release-linux-x86_64 0.1.0 2.04 26.62 28.66 OK
r-release-macos-arm64 0.1.0 22.00 OK
r-release-macos-x86_64 0.1.0 34.00 OK
r-release-windows-x86_64 0.1.0 3.00 46.00 49.00 OK
r-oldrel-macos-arm64 0.1.0 22.00 OK
r-oldrel-macos-x86_64 0.1.0 32.00 OK
r-oldrel-windows-x86_64 0.1.0 2.00 43.00 45.00 OK

Check Details

Version: 0.1.0
Check: package dependencies
Result: NOTE Packages suggested but not available for checking: 'dplyr', 'ggplot2', 'tidyr' Flavor: r-devel-linux-x86_64-debian-gcc

Version: 0.1.0
Check: re-building of vignette outputs
Result: ERROR Error(s) in re-building vignettes: ... --- re-building ‘tutorial.Rmd’ using rmarkdown Quitting from lines 20-24 [setup] (tutorial.Rmd) Error: processing vignette 'tutorial.Rmd' failed with diagnostics: there is no package called 'dplyr' --- failed re-building ‘tutorial.Rmd’ SUMMARY: processing the following file failed: ‘tutorial.Rmd’ Error: Vignette re-building failed. Execution halted Flavor: r-devel-linux-x86_64-debian-gcc