Last updated on 2023-12-01 04:53:55 CET.
Flavor | Version | Tinstall | Tcheck | Ttotal | Status | Flags |
---|---|---|---|---|---|---|
r-devel-linux-x86_64-debian-clang | 1.1.1 | 44.32 | 136.41 | 180.73 | OK | |
r-devel-linux-x86_64-debian-gcc | 1.1.1 | 33.17 | 101.79 | 134.96 | OK | |
r-devel-linux-x86_64-fedora-clang | 1.1.1 | 239.35 | NOTE | |||
r-devel-linux-x86_64-fedora-gcc | 1.1.1 | 238.08 | OK | |||
r-devel-windows-x86_64 | 1.1.1 | 40.00 | 155.00 | 195.00 | NOTE | |
r-patched-linux-x86_64 | 1.1.1 | 38.95 | 131.49 | 170.44 | OK | |
r-release-linux-x86_64 | 1.1.1 | 39.32 | 132.60 | 171.92 | OK | |
r-release-macos-arm64 | 1.1.1 | 88.00 | NOTE | |||
r-release-macos-x86_64 | 1.1.1 | 154.00 | NOTE | |||
r-release-windows-x86_64 | 1.1.1 | 55.00 | 186.00 | 241.00 | NOTE | |
r-oldrel-macos-arm64 | 1.1.1 | 77.00 | NOTE | |||
r-oldrel-macos-x86_64 | 1.1.1 | 94.00 | NOTE | |||
r-oldrel-windows-x86_64 | 1.1.1 | 52.00 | 166.00 | 218.00 | NOTE |
Version: 1.1.1
Check: installed package size
Result: NOTE
installed size is 6.2Mb
sub-directories of 1Mb or more:
data 1.9Mb
extdata 2.8Mb
Flavors: r-devel-linux-x86_64-fedora-clang, r-devel-windows-x86_64, r-release-macos-arm64, r-release-macos-x86_64, r-release-windows-x86_64, r-oldrel-macos-arm64, r-oldrel-macos-x86_64, r-oldrel-windows-x86_64