CRAN Package Check Results for Package ezmmek

Last updated on 2023-12-09 04:50:50 CET.

Flavor Version Tinstall Tcheck Ttotal Status Flags
r-devel-linux-x86_64-debian-clang 0.2.4 3.13 42.79 45.92 NOTE
r-devel-linux-x86_64-debian-gcc 0.2.4 2.30 32.63 34.93 NOTE
r-devel-linux-x86_64-fedora-clang 0.2.4 57.72 NOTE
r-devel-linux-x86_64-fedora-gcc 0.2.4 65.77 NOTE
r-devel-windows-x86_64 0.2.4 4.00 55.00 59.00 NOTE
r-patched-linux-x86_64 0.2.4 2.52 41.10 43.62 NOTE
r-release-linux-x86_64 0.2.4 1.92 41.30 43.22 NOTE
r-release-macos-arm64 0.2.4 29.00 NOTE
r-release-macos-x86_64 0.2.4 41.00 NOTE
r-release-windows-x86_64 0.2.4 5.00 61.00 66.00 NOTE
r-oldrel-macos-arm64 0.2.4 24.00 NOTE
r-oldrel-macos-x86_64 0.2.4 42.00 NOTE
r-oldrel-windows-x86_64 0.2.4 5.00 64.00 69.00 NOTE

Check Details

Version: 0.2.4
Check: LazyData
Result: NOTE 'LazyData' is specified without a 'data' directory Flavors: r-devel-linux-x86_64-debian-clang, r-devel-linux-x86_64-debian-gcc, r-devel-linux-x86_64-fedora-clang, r-devel-linux-x86_64-fedora-gcc, r-devel-windows-x86_64, r-patched-linux-x86_64, r-release-linux-x86_64, r-release-macos-arm64, r-release-macos-x86_64, r-release-windows-x86_64, r-oldrel-macos-arm64, r-oldrel-macos-x86_64, r-oldrel-windows-x86_64