Last updated on 2023-12-08 05:02:03 CET.
Flavor | Version | Tinstall | Tcheck | Ttotal | Status | Flags |
---|---|---|---|---|---|---|
r-devel-linux-x86_64-debian-clang | 4.4-0 | 18.14 | 149.34 | 167.48 | NOTE | |
r-devel-linux-x86_64-debian-gcc | 4.4-0 | 13.39 | 110.79 | 124.18 | NOTE | |
r-devel-linux-x86_64-fedora-clang | 4.4-0 | 204.01 | OK | |||
r-devel-linux-x86_64-fedora-gcc | 4.4-0 | 194.34 | OK | |||
r-devel-windows-x86_64 | 4.4-0 | 15.00 | 123.00 | 138.00 | OK | |
r-patched-linux-x86_64 | 4.4-0 | 14.61 | 143.51 | 158.12 | OK | |
r-release-linux-x86_64 | 4.4-0 | 12.04 | 143.00 | 155.04 | OK | |
r-release-macos-arm64 | 4.4-0 | 62.00 | OK | |||
r-release-macos-x86_64 | 4.4-0 | 97.00 | OK | |||
r-release-windows-x86_64 | 4.4-0 | 18.00 | 152.00 | 170.00 | OK | |
r-oldrel-macos-arm64 | 4.4-0 | 54.00 | OK | |||
r-oldrel-macos-x86_64 | 4.4-0 | 97.00 | OK | |||
r-oldrel-windows-x86_64 | 4.4-0 | 19.00 | 164.00 | 183.00 | OK |
Version: 4.4-0
Check: Rd files
Result: NOTE
checkRd: (-1) ez-package.Rd:19: Lost braces in \itemize; meant \describe ?
checkRd: (-1) ez-package.Rd:20: Lost braces in \itemize; meant \describe ?
checkRd: (-1) ez-package.Rd:21: Lost braces in \itemize; meant \describe ?
checkRd: (-1) ez-package.Rd:22: Lost braces in \itemize; meant \describe ?
checkRd: (-1) ez-package.Rd:23: Lost braces in \itemize; meant \describe ?
checkRd: (-1) ez-package.Rd:24: Lost braces in \itemize; meant \describe ?
checkRd: (-1) ez-package.Rd:25: Lost braces in \itemize; meant \describe ?
checkRd: (-1) ez-package.Rd:26: Lost braces in \itemize; meant \describe ?
checkRd: (-1) ez-package.Rd:27: Lost braces in \itemize; meant \describe ?
checkRd: (-1) ez-package.Rd:28: Lost braces in \itemize; meant \describe ?
checkRd: (-1) ez-package.Rd:29: Lost braces in \itemize; meant \describe ?
checkRd: (-1) ez-package.Rd:30: Lost braces in \itemize; meant \describe ?
checkRd: (-1) ez-package.Rd:32: Lost braces in \itemize; meant \describe ?
checkRd: (-1) ez-package.Rd:33: Lost braces in \itemize; meant \describe ?
Flavors: r-devel-linux-x86_64-debian-clang, r-devel-linux-x86_64-debian-gcc