CRAN Package Check Results for Package eyeRead

Last updated on 2024-03-02 04:48:21 CET.

Flavor Version Tinstall Tcheck Ttotal Status Flags
r-devel-linux-x86_64-debian-clang 0.0.4 4.29 55.16 59.45 NOTE
r-devel-linux-x86_64-debian-gcc 0.0.4 4.60 41.77 46.37 NOTE
r-devel-linux-x86_64-fedora-clang 0.0.4 77.94 NOTE
r-devel-linux-x86_64-fedora-gcc 0.0.4 75.05 NOTE
r-devel-windows-x86_64 0.0.4 6.00 67.00 73.00 NOTE
r-patched-linux-x86_64 0.0.4 6.65 53.84 60.49 NOTE
r-release-linux-x86_64 0.0.4 6.38 53.43 59.81 NOTE
r-release-macos-arm64 0.0.4 29.00 NOTE
r-release-macos-x86_64 0.0.4 38.00 NOTE
r-release-windows-x86_64 0.0.4 9.00 69.00 78.00 NOTE
r-oldrel-macos-arm64 0.0.4 27.00 OK
r-oldrel-windows-x86_64 0.0.4 7.00 73.00 80.00 OK

Check Details

Version: 0.0.4
Check: Rd files
Result: NOTE checkRd: (-1) codePasses.Rd:64: Escaped LaTeX specials: \# Flavors: r-devel-linux-x86_64-debian-clang, r-devel-linux-x86_64-debian-gcc, r-devel-linux-x86_64-fedora-clang, r-devel-linux-x86_64-fedora-gcc, r-devel-windows-x86_64, r-patched-linux-x86_64, r-release-linux-x86_64, r-release-macos-arm64, r-release-macos-x86_64, r-release-windows-x86_64