Last updated on 2023-12-04 05:09:04 CET.
Flavor | Version | Tinstall | Tcheck | Ttotal | Status | Flags |
---|---|---|---|---|---|---|
r-devel-linux-x86_64-debian-clang | 1.0.2 | 47.18 | 202.01 | 249.19 | NOTE | |
r-devel-linux-x86_64-debian-gcc | 1.0.2 | 30.65 | 153.14 | 183.79 | NOTE | |
r-devel-linux-x86_64-fedora-clang | 1.0.2 | 313.79 | NOTE | |||
r-devel-linux-x86_64-fedora-gcc | 1.0.2 | 311.28 | NOTE | |||
r-devel-windows-x86_64 | 1.0.2 | 36.00 | 178.00 | 214.00 | NOTE | |
r-patched-linux-x86_64 | 1.0.2 | 34.99 | 191.22 | 226.21 | NOTE | |
r-release-linux-x86_64 | 1.0.2 | 28.40 | 193.84 | 222.24 | NOTE | |
r-release-macos-arm64 | 1.0.2 | 101.00 | NOTE | |||
r-release-macos-x86_64 | 1.0.2 | 160.00 | NOTE | |||
r-release-windows-x86_64 | 1.0.2 | 48.00 | 222.00 | 270.00 | NOTE | |
r-oldrel-macos-arm64 | 1.0.2 | 76.00 | NOTE | |||
r-oldrel-macos-x86_64 | 1.0.2 | 113.00 | NOTE | |||
r-oldrel-windows-x86_64 | 1.0.2 | 46.00 | 221.00 | 267.00 | NOTE |
Version: 1.0.2
Check: package dependencies
Result: NOTE
Package suggested but not available for checking: ‘exuberdata’
Flavors: r-devel-linux-x86_64-debian-clang, r-devel-linux-x86_64-debian-gcc, r-devel-linux-x86_64-fedora-clang, r-devel-linux-x86_64-fedora-gcc, r-devel-windows-x86_64, r-patched-linux-x86_64, r-release-linux-x86_64, r-release-macos-arm64, r-release-macos-x86_64, r-release-windows-x86_64, r-oldrel-macos-arm64, r-oldrel-macos-x86_64, r-oldrel-windows-x86_64