CRAN Package Check Results for Package extremevalues

Last updated on 2023-10-02 05:57:56 CEST.

Flavor Version Tinstall Tcheck Ttotal Status Flags
r-devel-linux-x86_64-debian-clang 2.3.3 5.96 58.63 64.59 NOTE
r-devel-linux-x86_64-debian-gcc 2.3.3 4.12 46.48 50.60 NOTE
r-devel-linux-x86_64-fedora-clang 2.3.3 81.92 NOTE
r-devel-linux-x86_64-fedora-gcc 2.3.3 91.94 NOTE
r-devel-windows-x86_64 2.3.3 8.00 82.00 90.00 NOTE
r-patched-linux-x86_64 2.3.3 6.20 58.16 64.36 NOTE
r-release-linux-x86_64 2.3.3 5.38 58.01 63.39 NOTE
r-release-macos-arm64 2.3.3 37.00 NOTE
r-release-macos-x86_64 2.3.3 63.00 NOTE
r-release-windows-x86_64 2.3.3 8.00 81.00 89.00 NOTE
r-oldrel-macos-arm64 2.3.3 34.00 OK
r-oldrel-macos-x86_64 2.3.3 52.00 OK
r-oldrel-windows-x86_64 2.3.3 8.00 78.00 86.00 OK

Check Details

Version: 2.3.3
Check: Rd files
Result: NOTE
    checkRd: (-1) outlierPlot.Rd:30: Escaped LaTeX specials: \$
    checkRd: (-1) outlierPlot.Rd:32: Escaped LaTeX specials: \$
Flavors: r-devel-linux-x86_64-debian-clang, r-devel-linux-x86_64-debian-gcc, r-devel-linux-x86_64-fedora-clang, r-devel-linux-x86_64-fedora-gcc, r-devel-windows-x86_64, r-patched-linux-x86_64, r-release-linux-x86_64, r-release-macos-arm64, r-release-macos-x86_64, r-release-windows-x86_64

Version: 2.3.3
Check: Rd \usage sections
Result: NOTE
    Documented arguments not in \usage in documentation object 'getQQLimit':
     ‘N’ ‘rho’
    
    Functions with \usage entries need to have the appropriate \alias
    entries, and all their arguments documented.
    The \usage entries must correspond to syntactically valid R code.
    See chapter ‘Writing R documentation files’ in the ‘Writing R
    Extensions’ manual.
Flavors: r-devel-linux-x86_64-debian-clang, r-devel-linux-x86_64-debian-gcc, r-devel-linux-x86_64-fedora-clang, r-devel-linux-x86_64-fedora-gcc, r-devel-windows-x86_64