Last updated on 2023-10-02 05:57:56 CEST.
Flavor | Version | Tinstall | Tcheck | Ttotal | Status | Flags |
---|---|---|---|---|---|---|
r-devel-linux-x86_64-debian-clang | 0.1.1 | 2.76 | 28.40 | 31.16 | NOTE | |
r-devel-linux-x86_64-debian-gcc | 0.1.1 | 2.03 | 22.59 | 24.62 | NOTE | |
r-devel-linux-x86_64-fedora-clang | 0.1.1 | 39.67 | NOTE | |||
r-devel-linux-x86_64-fedora-gcc | 0.1.1 | 49.73 | NOTE | |||
r-devel-windows-x86_64 | 0.1.1 | 5.00 | 46.00 | 51.00 | NOTE | |
r-patched-linux-x86_64 | 0.1.1 | 2.96 | 28.06 | 31.02 | NOTE | |
r-release-linux-x86_64 | 0.1.1 | 2.77 | 27.85 | 30.62 | NOTE | |
r-release-macos-arm64 | 0.1.1 | 23.00 | NOTE | |||
r-release-macos-x86_64 | 0.1.1 | 36.00 | NOTE | |||
r-release-windows-x86_64 | 0.1.1 | 5.00 | 48.00 | 53.00 | NOTE | |
r-oldrel-macos-arm64 | 0.1.1 | 18.00 | NOTE | |||
r-oldrel-macos-x86_64 | 0.1.1 | 26.00 | NOTE | |||
r-oldrel-windows-x86_64 | 0.1.1 | 6.00 | 49.00 | 55.00 | NOTE |
Version: 0.1.1
Check: LazyData
Result: NOTE
'LazyData' is specified without a 'data' directory
Flavors: r-devel-linux-x86_64-debian-clang, r-devel-linux-x86_64-debian-gcc, r-devel-linux-x86_64-fedora-clang, r-devel-linux-x86_64-fedora-gcc, r-devel-windows-x86_64, r-patched-linux-x86_64, r-release-linux-x86_64, r-release-macos-arm64, r-release-macos-x86_64, r-release-windows-x86_64, r-oldrel-macos-arm64, r-oldrel-macos-x86_64, r-oldrel-windows-x86_64