Last updated on 2023-10-02 05:57:56 CEST.
Flavor | Version | Tinstall | Tcheck | Ttotal | Status | Flags |
---|---|---|---|---|---|---|
r-devel-linux-x86_64-debian-clang | 1.8 | 12.73 | 86.08 | 98.81 | OK | |
r-devel-linux-x86_64-debian-gcc | 1.8 | 10.47 | 66.56 | 77.03 | OK | |
r-devel-linux-x86_64-fedora-clang | 1.8 | 131.54 | OK | |||
r-devel-linux-x86_64-fedora-gcc | 1.8 | 128.03 | OK | |||
r-devel-windows-x86_64 | 1.8 | 10.00 | 76.00 | 86.00 | OK | |
r-patched-linux-x86_64 | 1.7 | 12.67 | 84.61 | 97.28 | NOTE | |
r-release-linux-x86_64 | 1.8 | 15.17 | 87.10 | 102.27 | OK | |
r-release-macos-arm64 | 1.8 | 66.00 | OK | |||
r-release-macos-x86_64 | 1.8 | 87.00 | OK | |||
r-release-windows-x86_64 | 1.8 | 16.00 | 90.00 | 106.00 | OK | |
r-oldrel-macos-arm64 | 1.8 | 39.00 | OK | |||
r-oldrel-macos-x86_64 | 1.8 | 56.00 | OK | |||
r-oldrel-windows-x86_64 | 1.8 | 16.00 | 96.00 | 112.00 | OK |
Version: 1.7
Check: package dependencies
Result: NOTE
Package suggested but not available for checking: ‘frailtypack’
Flavor: r-patched-linux-x86_64