CRAN Package Check Results for Package extraDistr

Last updated on 2023-11-28 04:57:17 CET.

Flavor Version Tinstall Tcheck Ttotal Status Flags
r-devel-linux-x86_64-debian-clang 1.9.1 510.41 99.90 610.31 NOTE
r-devel-linux-x86_64-debian-gcc 1.9.1 302.02 78.57 380.59 NOTE
r-devel-linux-x86_64-fedora-clang 1.9.1 962.60 WARN
r-devel-linux-x86_64-fedora-gcc 1.9.1 863.35 NOTE
r-devel-windows-x86_64 1.9.1 313.00 131.00 444.00 NOTE
r-patched-linux-x86_64 1.9.1 398.64 98.49 497.13 NOTE
r-release-linux-x86_64 1.9.1 399.75 100.72 500.47 NOTE
r-release-macos-arm64 1.9.1 182.00 NOTE
r-release-macos-x86_64 1.9.1 331.00 NOTE
r-release-windows-x86_64 1.9.1 368.00 160.00 528.00 NOTE
r-oldrel-macos-arm64 1.9.1 173.00 NOTE
r-oldrel-macos-x86_64 1.9.1 228.00 NOTE
r-oldrel-windows-x86_64 1.9.1 451.00 144.00 595.00 NOTE

Check Details

Version: 1.9.1
Check: package dependencies
Result: NOTE Package suggested but not available for checking: ‘hoa’ Flavors: r-devel-linux-x86_64-debian-clang, r-devel-linux-x86_64-debian-gcc, r-devel-linux-x86_64-fedora-clang, r-devel-linux-x86_64-fedora-gcc, r-patched-linux-x86_64, r-release-linux-x86_64

Version: 1.9.1
Check: C++ specification
Result: NOTE Specified C++11: please drop specification unless essential Flavors: r-devel-linux-x86_64-debian-clang, r-devel-linux-x86_64-debian-gcc, r-devel-linux-x86_64-fedora-clang, r-devel-linux-x86_64-fedora-gcc, r-devel-windows-x86_64, r-patched-linux-x86_64, r-release-linux-x86_64, r-release-macos-arm64, r-release-macos-x86_64, r-release-windows-x86_64

Version: 1.9.1
Check: LazyData
Result: NOTE 'LazyData' is specified without a 'data' directory Flavors: r-devel-linux-x86_64-debian-clang, r-devel-linux-x86_64-debian-gcc, r-devel-linux-x86_64-fedora-clang, r-devel-linux-x86_64-fedora-gcc, r-devel-windows-x86_64, r-patched-linux-x86_64, r-release-linux-x86_64, r-release-macos-arm64, r-release-macos-x86_64, r-release-windows-x86_64, r-oldrel-macos-arm64, r-oldrel-macos-x86_64, r-oldrel-windows-x86_64

Version: 1.9.1
Check: whether package can be installed
Result: WARN Found the following significant warnings: RcppExports.cpp:42:18: warning: format string is not a string literal (potentially insecure) [-Wformat-security] RcppExports.cpp:79:18: warning: format string is not a string literal (potentially insecure) [-Wformat-security] RcppExports.cpp:116:18: warning: format string is not a string literal (potentially insecure) [-Wformat-security] RcppExports.cpp:151:18: warning: format string is not a string literal (potentially insecure) [-Wformat-security] RcppExports.cpp:189:18: warning: format string is not a string literal (potentially insecure) [-Wformat-security] RcppExports.cpp:228:18: warning: format string is not a string literal (potentially insecure) [-Wformat-security] RcppExports.cpp:265:18: warning: format string is not a string literal (potentially insecure) [-Wformat-security] RcppExports.cpp:303:18: warning: format string is not a string literal (potentially insecure) [-Wformat-security] RcppExports.cpp:342:18: warning: format string is not a string literal (potentially insecure) [-Wformat-security] RcppExports.cpp:379:18: warning: format string is not a string literal (potentially insecure) [-Wformat-security] RcppExports.cpp:417:18: warning: format string is not a string literal (potentially insecure) [-Wformat-security] RcppExports.cpp:456:18: warning: format string is not a string literal (potentially insecure) [-Wformat-security] RcppExports.cpp:495:18: warning: format string is not a string literal (potentially insecure) [-Wformat-security] RcppExports.cpp:532:18: warning: format string is not a string literal (potentially insecure) [-Wformat-security] RcppExports.cpp:570:18: warning: format string is not a string literal (potentially insecure) [-Wformat-security] RcppExports.cpp:609:18: warning: format string is not a string literal (potentially insecure) [-Wformat-security] RcppExports.cpp:646:18: warning: format string is not a string literal (potentially insecure) [-Wformat-security] RcppExports.cpp:684:18: warning: format string is not a string literal (potentially insecure) [-Wformat-security] RcppExports.cpp:723:18: warning: format string is not a string literal (potentially insecure) [-Wformat-security] RcppExports.cpp:762:18: warning: format string is not a string literal (potentially insecure) [-Wformat-security] RcppExports.cpp:799:18: warning: format string is not a string literal (potentially insecure) [-Wformat-security] RcppExports.cpp:840:18: warning: format string is not a string literal (potentially insecure) [-Wformat-security] RcppExports.cpp:879:18: warning: format string is not a string literal (potentially insecure) [-Wformat-security] RcppExports.cpp:918:18: warning: format string is not a string literal (potentially insecure) [-Wformat-security] RcppExports.cpp:955:18: warning: format string is not a string literal (potentially insecure) [-Wformat-security] RcppExports.cpp:990:18: warning: format string is not a string literal (potentially insecure) [-Wformat-security] RcppExports.cpp:1026:18: warning: format string is not a string literal (potentially insecure) [-Wformat-security] RcppExports.cpp:1063:18: warning: format string is not a string literal (potentially insecure) [-Wformat-security] RcppExports.cpp:1100:18: warning: format string is not a string literal (potentially insecure) [-Wformat-security] RcppExports.cpp:1135:18: warning: format string is not a string literal (potentially insecure) [-Wformat-security] RcppExports.cpp:1171:18: warning: format string is not a string literal (potentially insecure) [-Wformat-security] RcppExports.cpp:1206:18: warning: format string is not a string literal (potentially insecure) [-Wformat-security] RcppExports.cpp:1243:18: warning: format string is not a string literal (potentially insecure) [-Wformat-security] RcppExports.cpp:1279:18: warning: format string is not a string literal (potentially insecure) [-Wformat-security] RcppExports.cpp:1316:18: warning: format string is not a string literal (potentially insecure) [-Wformat-security] RcppExports.cpp:1353:18: warning: format string is not a string literal (potentially insecure) [-Wformat-security] RcppExports.cpp:1391:18: warning: format string is not a string literal (potentially insecure) [-Wformat-security] RcppExports.cpp:1427:18: warning: format string is not a string literal (potentially insecure) [-Wformat-security] RcppExports.cpp:1464:18: warning: format string is not a string literal (potentially insecure) [-Wformat-security] RcppExports.cpp:1501:18: warning: format string is not a string literal (potentially insecure) [-Wformat-security] RcppExports.cpp:1539:18: warning: format string is not a string literal (potentially insecure) [-Wformat-security] RcppExports.cpp:1577:18: warning: format string is not a string literal (potentially insecure) [-Wformat-security] RcppExports.cpp:1613:18: warning: format string is not a string literal (potentially insecure) [-Wformat-security] RcppExports.cpp:1650:18: warning: format string is not a string literal (potentially insecure) [-Wformat-security] RcppExports.cpp:1688:18: warning: format string is not a string literal (potentially insecure) [-Wformat-security] RcppExports.cpp:1726:18: warning: format string is not a string literal (potentially insecure) [-Wformat-security] RcppExports.cpp:1762:18: warning: format string is not a string literal (potentially insecure) [-Wformat-security] RcppExports.cpp:1800:18: warning: format string is not a string literal (potentially insecure) [-Wformat-security] RcppExports.cpp:1839:18: warning: format string is not a string literal (potentially insecure) [-Wformat-security] RcppExports.cpp:1878:18: warning: format string is not a string literal (potentially insecure) [-Wformat-security] RcppExports.cpp:1915:18: warning: format string is not a string literal (potentially insecure) [-Wformat-security] RcppExports.cpp:1952:18: warning: format string is not a string literal (potentially insecure) [-Wformat-security] RcppExports.cpp:1990:18: warning: format string is not a string literal (potentially insecure) [-Wformat-security] RcppExports.cpp:2026:18: warning: format string is not a string literal (potentially insecure) [-Wformat-security] RcppExports.cpp:2064:18: warning: format string is not a string literal (potentially insecure) [-Wformat-security] RcppExports.cpp:2103:18: warning: format string is not a string literal (potentially insecure) [-Wformat-security] RcppExports.cpp:2142:18: warning: format string is not a string literal (potentially insecure) [-Wformat-security] RcppExports.cpp:2179:18: warning: format string is not a string literal (potentially insecure) [-Wformat-security] RcppExports.cpp:2216:18: warning: format string is not a string literal (potentially insecure) [-Wformat-security] RcppExports.cpp:2254:18: warning: format string is not a string literal (potentially insecure) [-Wformat-security] RcppExports.cpp:2292:18: warning: format string is not a string literal (potentially insecure) [-Wformat-security] RcppExports.cpp:2328:18: warning: format string is not a string literal (potentially insecure) [-Wformat-security] RcppExports.cpp:2366:18: warning: format string is not a string literal (potentially insecure) [-Wformat-security] RcppExports.cpp:2405:18: warning: format string is not a string literal (potentially insecure) [-Wformat-security] RcppExports.cpp:2444:18: warning: format string is not a string literal (potentially insecure) [-Wformat-security] RcppExports.cpp:2481:18: warning: format string is not a string literal (potentially insecure) [-Wformat-security] RcppExports.cpp:2518:18: warning: format string is not a string literal (potentially insecure) [-Wformat-security] RcppExports.cpp:2556:18: warning: format string is not a string literal (potentially insecure) [-Wformat-security] RcppExports.cpp:2594:18: warning: format string is not a string literal (potentially insecure) [-Wformat-security] RcppExports.cpp:2630:18: warning: format string is not a string literal (potentially insecure) [-Wformat-security] RcppExports.cpp:2666:18: warning: format string is not a string literal (potentially insecure) [-Wformat-security] RcppExports.cpp:2703:18: warning: format string is not a string literal (potentially insecure) [-Wformat-security] RcppExports.cpp:2740:18: warning: format string is not a string literal (potentially insecure) [-Wformat-security] RcppExports.cpp:2775:18: warning: format string is not a string literal (potentially insecure) [-Wformat-security] RcppExports.cpp:2811:18: warning: format string is not a string literal (potentially insecure) [-Wformat-security] RcppExports.cpp:2848:18: warning: format string is not a string literal (potentially insecure) [-Wformat-security] RcppExports.cpp:2885:18: warning: format string is not a string literal (potentially insecure) [-Wformat-security] RcppExports.cpp:2920:18: warning: format string is not a string literal (potentially insecure) [-Wformat-security] RcppExports.cpp:2957:18: warning: format string is not a string literal (potentially insecure) [-Wformat-security] RcppExports.cpp:2995:18: warning: format string is not a string literal (potentially insecure) [-Wformat-security] RcppExports.cpp:3033:18: warning: format string is not a string literal (potentially insecure) [-Wformat-security] RcppExports.cpp:3069:18: warning: format string is not a string literal (potentially insecure) [-Wformat-security] RcppExports.cpp:3107:18: warning: format string is not a string literal (potentially insecure) [-Wformat-security] RcppExports.cpp:3146:18: warning: format string is not a string literal (potentially insecure) [-Wformat-security] RcppExports.cpp:3185:18: warning: format string is not a string literal (potentially insecure) [-Wformat-security] RcppExports.cpp:3222:18: warning: format string is not a string literal (potentially insecure) [-Wformat-security] RcppExports.cpp:3259:18: warning: format string is not a string literal (potentially insecure) [-Wformat-security] RcppExports.cpp:3297:18: warning: format string is not a string literal (potentially insecure) [-Wformat-security] RcppExports.cpp:3334:18: warning: format string is not a string literal (potentially insecure) [-Wformat-security] RcppExports.cpp:3372:18: warning: format string is not a string literal (potentially insecure) [-Wformat-security] RcppExports.cpp:3410:18: warning: format string is not a string literal (potentially insecure) [-Wformat-security] RcppExports.cpp:3446:18: warning: format string is not a string literal (potentially insecure) [-Wformat-security] RcppExports.cpp:3483:18: warning: format string is not a string literal (potentially insecure) [-Wformat-security] RcppExports.cpp:3521:18: warning: format string is not a string literal (potentially insecure) [-Wformat-security] RcppExports.cpp:3559:18: warning: format string is not a string literal (potentially insecure) [-Wformat-security] RcppExports.cpp:3595:18: warning: format string is not a string literal (potentially insecure) [-Wformat-security] RcppExports.cpp:3633:18: warning: format string is not a string literal (potentially insecure) [-Wformat-security] RcppExports.cpp:3672:18: warning: format string is not a string literal (potentially insecure) [-Wformat-security] RcppExports.cpp:3711:18: warning: format string is not a string literal (potentially insecure) [-Wformat-security] RcppExports.cpp:3748:18: warning: format string is not a string literal (potentially insecure) [-Wformat-security] RcppExports.cpp:3784:18: warning: format string is not a string literal (potentially insecure) [-Wformat-security] RcppExports.cpp:3821:18: warning: format string is not a string literal (potentially insecure) [-Wformat-security] RcppExports.cpp:3858:18: warning: format string is not a string literal (potentially insecure) [-Wformat-security] RcppExports.cpp:3893:18: warning: format string is not a string literal (potentially insecure) [-Wformat-security] RcppExports.cpp:3930:18: warning: format string is not a string literal (potentially insecure) [-Wformat-security] RcppExports.cpp:3968:18: warning: format string is not a string literal (potentially insecure) [-Wformat-security] RcppExports.cpp:4006:18: warning: format string is not a string literal (potentially insecure) [-Wformat-security] RcppExports.cpp:4042:18: warning: format string is not a string literal (potentially insecure) [-Wformat-security] RcppExports.cpp:4080:18: warning: format string is not a string literal (potentially insecure) [-Wformat-security] RcppExports.cpp:4119:18: warning: format string is not a string literal (potentially insecure) [-Wformat-security] RcppExports.cpp:4156:18: warning: format string is not a string literal (potentially insecure) [-Wformat-security] RcppExports.cpp:4193:18: warning: format string is not a string literal (potentially insecure) [-Wformat-security] RcppExports.cpp:4231:18: warning: format string is not a string literal (potentially insecure) [-Wformat-security] RcppExports.cpp:4267:18: warning: format string is not a string literal (potentially insecure) [-Wformat-security] RcppExports.cpp:4304:18: warning: format string is not a string literal (potentially insecure) [-Wformat-security] RcppExports.cpp:4340:18: warning: format string is not a string literal (potentially insecure) [-Wformat-security] RcppExports.cpp:4377:18: warning: format string is not a string literal (potentially insecure) [-Wformat-security] RcppExports.cpp:4413:18: warning: format string is not a string literal (potentially insecure) [-Wformat-security] RcppExports.cpp:4451:18: warning: format string is not a string literal (potentially insecure) [-Wformat-security] RcppExports.cpp:4490:18: warning: format string is not a string literal (potentially insecure) [-Wformat-security] RcppExports.cpp:4529:18: warning: format string is not a string literal (potentially insecure) [-Wformat-security] RcppExports.cpp:4566:18: warning: format string is not a string literal (potentially insecure) [-Wformat-security] RcppExports.cpp:4605:18: warning: format string is not a string literal (potentially insecure) [-Wformat-security] RcppExports.cpp:4645:18: warning: format string is not a string literal (potentially insecure) [-Wformat-security] RcppExports.cpp:4685:18: warning: format string is not a string literal (potentially insecure) [-Wformat-security] RcppExports.cpp:4723:18: warning: format string is not a string literal (potentially insecure) [-Wformat-security] RcppExports.cpp:4760:18: warning: format string is not a string literal (potentially insecure) [-Wformat-security] RcppExports.cpp:4798:18: warning: format string is not a string literal (potentially insecure) [-Wformat-security] RcppExports.cpp:4836:18: warning: format string is not a string literal (potentially insecure) [-Wformat-security] RcppExports.cpp:4872:18: warning: format string is not a string literal (potentially insecure) [-Wformat-security] RcppExports.cpp:4909:18: warning: format string is not a string literal (potentially insecure) [-Wformat-security] RcppExports.cpp:4947:18: warning: format string is not a string literal (potentially insecure) [-Wformat-security] RcppExports.cpp:4985:18: warning: format string is not a string literal (potentially insecure) [-Wformat-security] RcppExports.cpp:5021:18: warning: format string is not a string literal (potentially insecure) [-Wformat-security] RcppExports.cpp:5059:18: warning: format string is not a string literal (potentially insecure) [-Wformat-security] RcppExports.cpp:5098:18: warning: format string is not a string literal (potentially insecure) [-Wformat-security] RcppExports.cpp:5137:18: warning: format string is not a string literal (potentially insecure) [-Wformat-security] RcppExports.cpp:5174:18: warning: format string is not a string literal (potentially insecure) [-Wformat-security] RcppExports.cpp:5208:18: warning: format string is not a string literal (potentially insecure) [-Wformat-security] RcppExports.cpp:5244:18: warning: format string is not a string literal (potentially insecure) [-Wformat-security] RcppExports.cpp:5281:18: warning: format string is not a string literal (potentially insecure) [-Wformat-security] RcppExports.cpp:5318:18: warning: format string is not a string literal (potentially insecure) [-Wformat-security] RcppExports.cpp:5353:18: warning: format string is not a string literal (potentially insecure) [-Wformat-security] RcppExports.cpp:5390:18: warning: format string is not a string literal (potentially insecure) [-Wformat-security] RcppExports.cpp:5428:18: warning: format string is not a string literal (potentially insecure) [-Wformat-security] RcppExports.cpp:5464:18: warning: format string is not a string literal (potentially insecure) [-Wformat-security] RcppExports.cpp:5501:18: warning: format string is not a string literal (potentially insecure) [-Wformat-security] RcppExports.cpp:5537:18: warning: format string is not a string literal (potentially insecure) [-Wformat-security] RcppExports.cpp:5574:18: warning: format string is not a string literal (potentially insecure) [-Wformat-security] RcppExports.cpp:5612:18: warning: format string is not a string literal (potentially insecure) [-Wformat-security] RcppExports.cpp:5648:18: warning: format string is not a string literal (potentially insecure) [-Wformat-security] RcppExports.cpp:5686:18: warning: format string is not a string literal (potentially insecure) [-Wformat-security] RcppExports.cpp:5725:18: warning: format string is not a string literal (potentially insecure) [-Wformat-security] RcppExports.cpp:5764:18: warning: format string is not a string literal (potentially insecure) [-Wformat-security] RcppExports.cpp:5801:18: warning: format string is not a string literal (potentially insecure) [-Wformat-security] RcppExports.cpp:5840:18: warning: format string is not a string literal (potentially insecure) [-Wformat-security] RcppExports.cpp:5880:18: warning: format string is not a string literal (potentially insecure) [-Wformat-security] RcppExports.cpp:5920:18: warning: format string is not a string literal (potentially insecure) [-Wformat-security] RcppExports.cpp:5958:18: warning: format string is not a string literal (potentially insecure) [-Wformat-security] RcppExports.cpp:5997:18: warning: format string is not a string literal (potentially insecure) [-Wformat-security] RcppExports.cpp:6037:18: warning: format string is not a string literal (potentially insecure) [-Wformat-security] RcppExports.cpp:6077:18: warning: format string is not a string literal (potentially insecure) [-Wformat-security] RcppExports.cpp:6115:18: warning: format string is not a string literal (potentially insecure) [-Wformat-security] RcppExports.cpp:6153:18: warning: format string is not a string literal (potentially insecure) [-Wformat-security] RcppExports.cpp:6192:18: warning: format string is not a string literal (potentially insecure) [-Wformat-security] RcppExports.cpp:6231:18: warning: format string is not a string literal (potentially insecure) [-Wformat-security] RcppExports.cpp:6268:18: warning: format string is not a string literal (potentially insecure) [-Wformat-security] RcppExports.cpp:6305:18: warning: format string is not a string literal (potentially insecure) [-Wformat-security] RcppExports.cpp:6340:18: warning: format string is not a string literal (potentially insecure) [-Wformat-security] RcppExports.cpp:6377:18: warning: format string is not a string literal (potentially insecure) [-Wformat-security] RcppExports.cpp:6415:18: warning: format string is not a string literal (potentially insecure) [-Wformat-security] RcppExports.cpp:6451:18: warning: format string is not a string literal (potentially insecure) [-Wformat-security] RcppExports.cpp:6489:18: warning: format string is not a string literal (potentially insecure) [-Wformat-security] RcppExports.cpp:6528:18: warning: format string is not a string literal (potentially insecure) [-Wformat-security] RcppExports.cpp:6567:18: warning: format string is not a string literal (potentially insecure) [-Wformat-security] RcppExports.cpp:6604:18: warning: format string is not a string literal (potentially insecure) [-Wformat-security] RcppExports.cpp:6642:18: warning: format string is not a string literal (potentially insecure) [-Wformat-security] RcppExports.cpp:6681:18: warning: format string is not a string literal (potentially insecure) [-Wformat-security] RcppExports.cpp:6720:18: warning: format string is not a string literal (potentially insecure) [-Wformat-security] RcppExports.cpp:6757:18: warning: format string is not a string literal (potentially insecure) [-Wformat-security] RcppExports.cpp:6794:18: warning: format string is not a string literal (potentially insecure) [-Wformat-security] RcppExports.cpp:6832:18: warning: format string is not a string literal (potentially insecure) [-Wformat-security] RcppExports.cpp:6870:18: warning: format string is not a string literal (potentially insecure) [-Wformat-security] RcppExports.cpp:6906:18: warning: format string is not a string literal (potentially insecure) [-Wformat-security] See ‘/data/gannet/ripley/R/packages/tests-clang/extraDistr.Rcheck/00install.out’ for details. * used C++ compiler: ‘clang version 17.0.5’ Flavor: r-devel-linux-x86_64-fedora-clang

Version: 1.9.1
Check: installed package size
Result: NOTE installed size is 12.5Mb sub-directories of 1Mb or more: libs 11.8Mb Flavors: r-release-macos-arm64, r-release-macos-x86_64, r-oldrel-macos-arm64, r-oldrel-macos-x86_64