CRAN Package Check Results for Package expowo

Last updated on 2024-02-29 04:54:14 CET.

Flavor Version Tinstall Tcheck Ttotal Status Flags
r-devel-linux-x86_64-debian-clang 1.0 28.71 394.93 423.64 OK
r-devel-linux-x86_64-debian-gcc 1.0 24.24 287.72 311.96 OK
r-devel-linux-x86_64-fedora-clang 1.0 517.97 NOTE
r-devel-linux-x86_64-fedora-gcc 1.0 529.23 NOTE
r-devel-windows-x86_64 1.0 24.00 291.00 315.00 OK
r-patched-linux-x86_64 1.0 29.65 377.88 407.53 OK
r-release-linux-x86_64 1.0 29.98 376.69 406.67 OK
r-release-macos-arm64 1.0 307.00 OK
r-release-macos-x86_64 1.0 297.00 OK
r-release-windows-x86_64 1.0 32.00 371.00 403.00 OK
r-oldrel-macos-arm64 1.0 279.00 OK
r-oldrel-windows-x86_64 1.0 33.00 364.00 397.00 OK

Check Details

Version: 1.0
Check: data for non-ASCII characters
Result: NOTE Note: found 1 marked UTF-8 string Flavors: r-devel-linux-x86_64-fedora-clang, r-devel-linux-x86_64-fedora-gcc