CRAN Package Check Results for Package exams2sakai

Last updated on 2023-12-09 04:50:50 CET.

Flavor Version Tinstall Tcheck Ttotal Status Flags
r-devel-linux-x86_64-debian-clang 0.3 3.51 36.63 40.14 NOTE
r-devel-linux-x86_64-debian-gcc 0.3 4.02 28.18 32.20 NOTE
r-devel-linux-x86_64-fedora-clang 0.3 51.81 NOTE
r-devel-linux-x86_64-fedora-gcc 0.3 48.49 NOTE
r-devel-windows-x86_64 0.3 6.00 49.00 55.00 NOTE
r-patched-linux-x86_64 0.3 9.13 35.53 44.66 NOTE
r-release-linux-x86_64 0.3 3.29 35.75 39.04 NOTE
r-release-macos-arm64 0.3 22.00 NOTE
r-release-macos-x86_64 0.3 27.00 NOTE
r-release-windows-x86_64 0.3 6.00 52.00 58.00 NOTE
r-oldrel-macos-arm64 0.3 17.00 OK
r-oldrel-macos-x86_64 0.3 24.00 OK
r-oldrel-windows-x86_64 0.3 7.00 55.00 62.00 OK

Check Details

Version: 0.3
Check: Rd files
Result: NOTE checkRd: (-1) exams2sakai.Rd:152: Escaped LaTeX specials: \& Flavors: r-devel-linux-x86_64-debian-clang, r-devel-linux-x86_64-debian-gcc, r-devel-linux-x86_64-fedora-clang, r-devel-linux-x86_64-fedora-gcc, r-devel-windows-x86_64, r-patched-linux-x86_64, r-release-linux-x86_64, r-release-macos-arm64, r-release-macos-x86_64, r-release-windows-x86_64

Version: 0.3
Check: Rd cross-references
Result: NOTE Undeclared package ‘tth’ in Rd xrefs Flavor: r-devel-linux-x86_64-fedora-clang