Last updated on 2023-12-11 04:51:04 CET.
Flavor | Version | Tinstall | Tcheck | Ttotal | Status | Flags |
---|---|---|---|---|---|---|
r-devel-linux-x86_64-debian-clang | 2.3-6.1 | 16.87 | 104.60 | 121.47 | NOTE | |
r-devel-linux-x86_64-debian-gcc | 2.3-6.1 | 16.40 | 76.76 | 93.16 | NOTE | |
r-devel-linux-x86_64-fedora-clang | 2.3-6.1 | 160.45 | OK | |||
r-devel-linux-x86_64-fedora-gcc | 2.3-6.1 | 167.10 | OK | |||
r-devel-windows-x86_64 | 2.3-6.1 | 20.00 | 111.00 | 131.00 | OK | |
r-patched-linux-x86_64 | 2.3-6.1 | 20.95 | 102.94 | 123.89 | OK | |
r-release-linux-x86_64 | 2.3-6.1 | 17.31 | 103.87 | 121.18 | OK | |
r-release-macos-arm64 | 2.3-6.1 | 48.00 | OK | |||
r-release-macos-x86_64 | 2.3-6.1 | 84.00 | OK | |||
r-release-windows-x86_64 | 2.3-6.1 | 26.00 | 128.00 | 154.00 | OK | |
r-oldrel-macos-arm64 | 2.3-6.1 | 41.00 | OK | |||
r-oldrel-macos-x86_64 | 2.3-6.1 | 57.00 | OK | |||
r-oldrel-windows-x86_64 | 2.3-6.1 | 26.00 | 122.00 | 148.00 | OK |
Version: 2.3-6.1
Check: Rd files
Result: NOTE
checkRd: (-1) uccle.Rd:23: Lost braces
23 | L'intensit\'{e} maximale des pr\'{e}cipitations en Belgique.
| ^
checkRd: (-1) uccle.Rd:23: Lost braces
23 | L'intensit\'{e} maximale des pr\'{e}cipitations en Belgique.
| ^
checkRd: (-1) uccle.Rd:24: Lost braces
24 | \emph{Inst. Royal M\'{e}t\'{e}or. Belgique, B} \bold{86}.
| ^
checkRd: (-1) uccle.Rd:24: Lost braces
24 | \emph{Inst. Royal M\'{e}t\'{e}or. Belgique, B} \bold{86}.
| ^
Flavors: r-devel-linux-x86_64-debian-clang, r-devel-linux-x86_64-debian-gcc