CRAN Package Check Results for Package ess

Last updated on 2024-03-02 04:48:21 CET.

Flavor Version Tinstall Tcheck Ttotal Status Flags
r-devel-linux-x86_64-debian-clang 1.1.2 49.29 57.13 106.42 NOTE
r-devel-linux-x86_64-debian-gcc 1.1.2 35.08 43.38 78.46 NOTE
r-devel-linux-x86_64-fedora-clang 1.1.2 138.26 NOTE
r-devel-linux-x86_64-fedora-gcc 1.1.2 138.66 NOTE
r-devel-windows-x86_64 1.1.2 33.00 82.00 115.00 NOTE
r-patched-linux-x86_64 1.1.2 41.33 55.65 96.98 NOTE
r-release-linux-x86_64 1.1.2 37.72 54.74 92.46 NOTE
r-release-macos-arm64 1.1.2 38.00 NOTE
r-release-macos-x86_64 1.1.2 58.00 NOTE
r-release-windows-x86_64 1.1.2 42.00 96.00 138.00 NOTE
r-oldrel-macos-arm64 1.1.2 39.00 OK
r-oldrel-windows-x86_64 1.1.2 44.00 91.00 135.00 OK

Check Details

Version: 1.1.2
Check: C++ specification
Result: NOTE Specified C++11: please drop specification unless essential Flavors: r-devel-linux-x86_64-debian-clang, r-devel-linux-x86_64-debian-gcc, r-devel-linux-x86_64-fedora-clang, r-devel-linux-x86_64-fedora-gcc, r-devel-windows-x86_64, r-patched-linux-x86_64, r-release-linux-x86_64, r-release-macos-arm64, r-release-macos-x86_64, r-release-windows-x86_64