Last updated on 2023-11-29 04:57:20 CET.
Flavor | Version | Tinstall | Tcheck | Ttotal | Status | Flags |
---|---|---|---|---|---|---|
r-devel-linux-x86_64-debian-clang | 0.1.2 | 7.70 | 72.14 | 79.84 | NOTE | |
r-devel-linux-x86_64-debian-gcc | 0.1.2 | 7.07 | 55.63 | 62.70 | NOTE | |
r-devel-linux-x86_64-fedora-clang | 0.1.2 | 103.08 | NOTE | |||
r-devel-linux-x86_64-fedora-gcc | 0.1.2 | 98.33 | NOTE | |||
r-devel-windows-x86_64 | 0.1.2 | 8.00 | 77.00 | 85.00 | NOTE | |
r-patched-linux-x86_64 | 0.1.2 | 9.16 | 72.24 | 81.40 | NOTE | |
r-release-linux-x86_64 | 0.1.2 | 8.02 | 72.02 | 80.04 | NOTE | |
r-release-macos-arm64 | 0.1.2 | 37.00 | NOTE | |||
r-release-macos-x86_64 | 0.1.2 | 54.00 | NOTE | |||
r-release-windows-x86_64 | 0.1.2 | 11.00 | 84.00 | 95.00 | NOTE | |
r-oldrel-macos-arm64 | 0.1.2 | 35.00 | NOTE | |||
r-oldrel-macos-x86_64 | 0.1.2 | 45.00 | NOTE | |||
r-oldrel-windows-x86_64 | 0.1.2 | 10.00 | 90.00 | 100.00 | NOTE |
Version: 0.1.2
Check: Rd files
Result: NOTE
checkRd: (-1) festRidge.Rd:80: Lost braces; missing escapes or markup?
80 | \item{XtXlamIinv}{explicit value of (X'X + diag(penalty))^{-1}. Useful
| ^
Flavors: r-devel-linux-x86_64-debian-clang, r-devel-linux-x86_64-debian-gcc
Version: 0.1.2
Check: LazyData
Result: NOTE
'LazyData' is specified without a 'data' directory
Flavors: r-devel-linux-x86_64-debian-clang, r-devel-linux-x86_64-debian-gcc, r-devel-linux-x86_64-fedora-clang, r-devel-linux-x86_64-fedora-gcc, r-devel-windows-x86_64, r-patched-linux-x86_64, r-release-linux-x86_64, r-release-macos-arm64, r-release-macos-x86_64, r-release-windows-x86_64, r-oldrel-macos-arm64, r-oldrel-macos-x86_64, r-oldrel-windows-x86_64