CRAN Package Check Results for Package eshrink

Last updated on 2024-07-15 05:49:00 CEST.

Flavor Version Tinstall Tcheck Ttotal Status Flags
r-devel-linux-x86_64-debian-clang 0.1.2 9.15 73.33 82.48 NOTE
r-devel-linux-x86_64-debian-gcc 0.1.2 7.13 55.01 62.14 NOTE
r-devel-linux-x86_64-fedora-clang 0.1.2 102.32 NOTE
r-devel-linux-x86_64-fedora-gcc 0.1.2 97.31 NOTE
r-devel-windows-x86_64 0.1.2 8.00 74.00 82.00 NOTE
r-patched-linux-x86_64 0.1.2 8.60 68.51 77.11 NOTE
r-release-linux-x86_64 0.1.2 5.23 69.21 74.44 NOTE
r-release-macos-arm64 0.1.2 33.00 NOTE
r-release-macos-x86_64 0.1.2 48.00 NOTE
r-release-windows-x86_64 0.1.2 8.00 75.00 83.00 NOTE
r-oldrel-macos-arm64 0.1.2 37.00 NOTE
r-oldrel-macos-x86_64 0.1.2 54.00 NOTE
r-oldrel-windows-x86_64 0.1.2 10.00 86.00 96.00 NOTE

Check Details

Version: 0.1.2
Check: Rd files
Result: NOTE checkRd: (-1) festRidge.Rd:80: Lost braces; missing escapes or markup? 80 | \item{XtXlamIinv}{explicit value of (X'X + diag(penalty))^{-1}. Useful | ^ Flavors: r-devel-linux-x86_64-debian-clang, r-devel-linux-x86_64-debian-gcc, r-devel-linux-x86_64-fedora-clang, r-devel-linux-x86_64-fedora-gcc, r-devel-windows-x86_64, r-patched-linux-x86_64, r-release-linux-x86_64, r-release-macos-arm64, r-release-macos-x86_64, r-release-windows-x86_64

Version: 0.1.2
Check: LazyData
Result: NOTE 'LazyData' is specified without a 'data' directory Flavors: r-devel-linux-x86_64-debian-clang, r-devel-linux-x86_64-debian-gcc, r-devel-linux-x86_64-fedora-clang, r-devel-linux-x86_64-fedora-gcc, r-devel-windows-x86_64, r-patched-linux-x86_64, r-release-linux-x86_64, r-release-macos-arm64, r-release-macos-x86_64, r-release-windows-x86_64, r-oldrel-macos-arm64, r-oldrel-macos-x86_64, r-oldrel-windows-x86_64