Last updated on 2023-12-09 04:50:50 CET.
Flavor | Version | Tinstall | Tcheck | Ttotal | Status | Flags |
---|---|---|---|---|---|---|
r-devel-linux-x86_64-debian-clang | 1.1 | 15.67 | 112.49 | 128.16 | OK | |
r-devel-linux-x86_64-debian-gcc | 1.1 | 12.77 | 82.23 | 95.00 | OK | |
r-devel-linux-x86_64-fedora-clang | 1.1 | 158.64 | NOTE | |||
r-devel-linux-x86_64-fedora-gcc | 1.1 | 149.45 | OK | |||
r-devel-windows-x86_64 | 1.1 | 14.00 | 90.00 | 104.00 | OK | |
r-patched-linux-x86_64 | 1.1 | 13.71 | 106.31 | 120.02 | OK | |
r-release-linux-x86_64 | 1.1 | 13.23 | 106.86 | 120.09 | OK | |
r-release-macos-arm64 | 1.1 | 46.00 | OK | |||
r-release-macos-x86_64 | 1.1 | 104.00 | OK | |||
r-release-windows-x86_64 | 1.1 | 18.00 | 110.00 | 128.00 | OK | |
r-oldrel-macos-arm64 | 1.1 | 48.00 | OK | |||
r-oldrel-macos-x86_64 | 0.1.3.1 | 34.00 | OK | |||
r-oldrel-windows-x86_64 | 1.1 | 20.00 | 113.00 | 133.00 | OK |
Version: 1.1
Check: Rd cross-references
Result: NOTE
Undeclared package ‘margins’ in Rd xrefs
Flavor: r-devel-linux-x86_64-fedora-clang