Last updated on 2023-12-02 04:52:12 CET.
Flavor | Version | Tinstall | Tcheck | Ttotal | Status | Flags |
---|---|---|---|---|---|---|
r-devel-linux-x86_64-debian-clang | 2.0.8 | 5.68 | 95.46 | 101.14 | NOTE | |
r-devel-linux-x86_64-debian-gcc | 2.0.8 | 4.68 | 67.34 | 72.02 | NOTE | |
r-devel-linux-x86_64-fedora-clang | 2.0.8 | 121.76 | NOTE | |||
r-devel-linux-x86_64-fedora-gcc | 2.0.8 | 131.78 | NOTE | |||
r-devel-windows-x86_64 | 2.0.8 | 8.00 | 90.00 | 98.00 | NOTE | |
r-patched-linux-x86_64 | 2.0.8 | 7.49 | 90.15 | 97.64 | NOTE | |
r-release-linux-x86_64 | 2.0.8 | 4.72 | 88.83 | 93.55 | NOTE | |
r-release-macos-arm64 | 2.0.8 | 43.00 | NOTE | |||
r-release-macos-x86_64 | 2.0.8 | 71.00 | NOTE | |||
r-release-windows-x86_64 | 2.0.8 | 6.00 | 101.00 | 107.00 | NOTE | |
r-oldrel-macos-arm64 | 2.0.8 | 34.00 | OK | |||
r-oldrel-macos-x86_64 | 2.0.8 | 73.00 | OK | |||
r-oldrel-windows-x86_64 | 2.0.8 | 10.00 | 102.00 | 112.00 | OK |
Version: 2.0.8
Check: package subdirectories
Result: NOTE
Problems with news in ‘NEWS.md’:
No news entries found.
Flavors: r-devel-linux-x86_64-debian-clang, r-devel-linux-x86_64-debian-gcc, r-devel-linux-x86_64-fedora-clang, r-devel-linux-x86_64-fedora-gcc, r-devel-windows-x86_64, r-patched-linux-x86_64, r-release-linux-x86_64, r-release-macos-arm64, r-release-macos-x86_64, r-release-windows-x86_64