Last updated on 2023-12-02 04:52:12 CET.
Flavor | Version | Tinstall | Tcheck | Ttotal | Status | Flags |
---|---|---|---|---|---|---|
r-devel-linux-x86_64-debian-clang | 0.2.6-1.1 | 9.91 | 76.23 | 86.14 | OK | |
r-devel-linux-x86_64-debian-gcc | 0.2.6-1.1 | 7.15 | 58.54 | 65.69 | OK | |
r-devel-linux-x86_64-fedora-clang | 0.2.6-1.1 | 104.93 | OK | |||
r-devel-linux-x86_64-fedora-gcc | 0.2.6-1.1 | 102.29 | OK | |||
r-devel-windows-x86_64 | 0.2.6-1.1 | 8.00 | 76.00 | 84.00 | OK | |
r-patched-linux-x86_64 | 0.2.6-1.1 | 11.69 | 75.19 | 86.88 | OK | |
r-release-linux-x86_64 | 0.2.6-1.1 | 8.85 | 76.41 | 85.26 | OK | |
r-release-macos-arm64 | 0.2.6-1.1 | 35.00 | OK | |||
r-release-macos-x86_64 | 0.2.6-1.1 | 57.00 | NOTE | |||
r-release-windows-x86_64 | 0.2.6-1.1 | 11.00 | 85.00 | 96.00 | OK | |
r-oldrel-macos-arm64 | 0.2.6-1.1 | 35.00 | OK | |||
r-oldrel-macos-x86_64 | 0.2.6-1.1 | 45.00 | OK | |||
r-oldrel-windows-x86_64 | 0.2.6-1.1 | 11.00 | 87.00 | 98.00 | OK |
Version: 0.2.6-1.1
Check: package dependencies
Result: NOTE
Package suggested but not available for checking: ‘graph’
Flavor: r-release-macos-x86_64