Last updated on 2023-12-10 04:55:56 CET.
Flavor | Version | Tinstall | Tcheck | Ttotal | Status | Flags |
---|---|---|---|---|---|---|
r-devel-linux-x86_64-debian-clang | 0.0.1 | 1.85 | 28.43 | 30.28 | NOTE | |
r-devel-linux-x86_64-debian-gcc | 0.0.1 | 1.81 | 22.04 | 23.85 | NOTE | |
r-devel-linux-x86_64-fedora-clang | 0.0.1 | 38.71 | NOTE | |||
r-devel-linux-x86_64-fedora-gcc | 0.0.1 | 51.40 | NOTE | |||
r-devel-windows-x86_64 | 0.0.1 | 3.00 | 46.00 | 49.00 | NOTE | |
r-patched-linux-x86_64 | 0.0.1 | 1.91 | 27.62 | 29.53 | NOTE | |
r-release-linux-x86_64 | 0.0.1 | 1.80 | 27.59 | 29.39 | NOTE | |
r-release-macos-arm64 | 0.0.1 | 25.00 | NOTE | |||
r-release-macos-x86_64 | 0.0.1 | 35.00 | NOTE | |||
r-release-windows-x86_64 | 0.0.1 | 3.00 | 46.00 | 49.00 | NOTE | |
r-oldrel-macos-arm64 | 0.0.1 | 20.00 | NOTE | |||
r-oldrel-macos-x86_64 | 0.0.1 | 24.00 | NOTE | |||
r-oldrel-windows-x86_64 | 0.0.1 | 4.00 | 49.00 | 53.00 | NOTE |
Version: 0.0.1
Check: LazyData
Result: NOTE
'LazyData' is specified without a 'data' directory
Flavors: r-devel-linux-x86_64-debian-clang, r-devel-linux-x86_64-debian-gcc, r-devel-linux-x86_64-fedora-clang, r-devel-linux-x86_64-fedora-gcc, r-devel-windows-x86_64, r-patched-linux-x86_64, r-release-linux-x86_64, r-release-macos-arm64, r-release-macos-x86_64, r-release-windows-x86_64, r-oldrel-macos-arm64, r-oldrel-macos-x86_64, r-oldrel-windows-x86_64
Version: 0.0.1
Check: for non-standard things in the check directory
Result: NOTE
Found the following files/directories:
‘episcan_1geno_cc.txt’ ‘episcan_1geno_quant.txt’
‘episcan_2geno_cc.txt’ ‘episcan_2geno_quant.txt’
Flavors: r-devel-linux-x86_64-debian-clang, r-devel-linux-x86_64-debian-gcc, r-devel-linux-x86_64-fedora-clang, r-devel-linux-x86_64-fedora-gcc, r-patched-linux-x86_64, r-release-linux-x86_64