CRAN Package Check Results for Package entropy

Last updated on 2023-12-11 04:51:04 CET.

Flavor Version Tinstall Tcheck Ttotal Status Flags
r-devel-linux-x86_64-debian-clang 1.3.1 2.26 24.77 27.03 NOTE
r-devel-linux-x86_64-debian-gcc 1.3.1 2.00 19.50 21.50 NOTE
r-devel-linux-x86_64-fedora-clang 1.3.1 35.01 OK
r-devel-linux-x86_64-fedora-gcc 1.3.1 32.88 OK
r-devel-windows-x86_64 1.3.1 4.00 42.00 46.00 OK
r-patched-linux-x86_64 1.3.1 2.99 24.71 27.70 OK
r-release-linux-x86_64 1.3.1 2.05 24.88 26.93 OK
r-release-macos-arm64 1.3.1 16.00 OK
r-release-macos-x86_64 1.3.1 21.00 OK
r-release-windows-x86_64 1.3.1 3.00 41.00 44.00 OK
r-oldrel-macos-arm64 1.3.1 16.00 OK
r-oldrel-macos-x86_64 1.3.1 21.00 OK
r-oldrel-windows-x86_64 1.3.1 6.00 45.00 51.00 OK

Check Details

Version: 1.3.1
Check: Rd files
Result: NOTE checkRd: (-1) entropy.Dirichlet.Rd:65: Lost braces in \itemize; meant \describe ? checkRd: (-1) entropy.Dirichlet.Rd:66: Lost braces in \itemize; meant \describe ? checkRd: (-1) entropy.Dirichlet.Rd:67: Lost braces in \itemize; meant \describe ? checkRd: (-1) entropy.Dirichlet.Rd:68: Lost braces in \itemize; meant \describe ? checkRd: (-1) entropy.Dirichlet.Rd:69: Lost braces in \itemize; meant \describe ? checkRd: (-1) entropy.Rd:34: Lost braces in \itemize; meant \describe ? checkRd: (-1) entropy.Rd:35: Lost braces in \itemize; meant \describe ? checkRd: (-1) entropy.Rd:36: Lost braces in \itemize; meant \describe ? checkRd: (-1) entropy.Rd:37: Lost braces in \itemize; meant \describe ? checkRd: (-1) entropy.Rd:38: Lost braces in \itemize; meant \describe ? checkRd: (-1) entropy.Rd:39: Lost braces in \itemize; meant \describe ? checkRd: (-1) entropy.Rd:40: Lost braces in \itemize; meant \describe ? checkRd: (-1) entropy.Rd:41: Lost braces in \itemize; meant \describe ? checkRd: (-1) entropy.Rd:42: Lost braces in \itemize; meant \describe ? Flavors: r-devel-linux-x86_64-debian-clang, r-devel-linux-x86_64-debian-gcc