Last updated on 2023-12-11 04:51:04 CET.
Flavor | Version | Tinstall | Tcheck | Ttotal | Status | Flags |
---|---|---|---|---|---|---|
r-devel-linux-x86_64-debian-clang | 1.3.11 | 18.83 | 152.07 | 170.90 | OK | |
r-devel-linux-x86_64-debian-gcc | 1.3.11 | 16.57 | 112.96 | 129.53 | OK | |
r-devel-linux-x86_64-fedora-clang | 1.3.11 | 211.56 | NOTE | |||
r-devel-linux-x86_64-fedora-gcc | 1.3.11 | 199.66 | NOTE | |||
r-devel-windows-x86_64 | 1.3.11 | 19.00 | 121.00 | 140.00 | OK | |
r-patched-linux-x86_64 | 1.3.11 | 21.54 | 144.04 | 165.58 | OK | |
r-release-linux-x86_64 | 1.3.11 | 13.72 | 147.27 | 160.99 | OK | |
r-release-macos-arm64 | 1.3.11 | 56.00 | OK | |||
r-release-macos-x86_64 | 1.3.11 | 97.00 | OK | |||
r-release-windows-x86_64 | 1.3.11 | 25.00 | 148.00 | 173.00 | OK | |
r-oldrel-macos-arm64 | 1.3.11 | 59.00 | NOTE | |||
r-oldrel-macos-x86_64 | 1.3.11 | 91.00 | NOTE | |||
r-oldrel-windows-x86_64 | 1.3.11 | 24.00 | 141.00 | 165.00 | OK |
Version: 1.3.11
Check: data for non-ASCII characters
Result: NOTE
Note: found 23639 marked Latin-1 strings
Flavors: r-devel-linux-x86_64-fedora-clang, r-devel-linux-x86_64-fedora-gcc, r-oldrel-macos-arm64, r-oldrel-macos-x86_64