CRAN Package Check Results for Package elmNNRcpp

Last updated on 2024-02-25 04:51:04 CET.

Flavor Version Tinstall Tcheck Ttotal Status Flags
r-devel-linux-x86_64-debian-clang 1.0.4 32.92 38.06 70.98 NOTE
r-devel-linux-x86_64-debian-gcc 1.0.4 28.25 28.49 56.74 NOTE
r-devel-linux-x86_64-fedora-clang 1.0.4 104.10 NOTE
r-devel-linux-x86_64-fedora-gcc 1.0.4 114.95 NOTE
r-devel-windows-x86_64 1.0.4 31.00 71.00 102.00 NOTE
r-patched-linux-x86_64 1.0.4 42.51 36.18 78.69 NOTE
r-release-linux-x86_64 1.0.4 39.65 35.61 75.26 NOTE
r-release-macos-arm64 1.0.4 37.00 NOTE
r-release-macos-x86_64 1.0.4 59.00 NOTE
r-release-windows-x86_64 1.0.4 39.00 81.00 120.00 NOTE
r-oldrel-macos-arm64 1.0.4 36.00 OK
r-oldrel-windows-x86_64 1.0.4 38.00 79.00 117.00 OK

Check Details

Version: 1.0.4
Check: C++ specification
Result: NOTE Specified C++11: please drop specification unless essential Flavors: r-devel-linux-x86_64-debian-clang, r-devel-linux-x86_64-debian-gcc, r-devel-linux-x86_64-fedora-clang, r-devel-linux-x86_64-fedora-gcc, r-devel-windows-x86_64, r-patched-linux-x86_64, r-release-linux-x86_64, r-release-macos-arm64, r-release-macos-x86_64, r-release-windows-x86_64