CRAN Package Check Results for Package elect

Last updated on 2024-03-04 04:51:28 CET.

Flavor Version Tinstall Tcheck Ttotal Status Flags
r-devel-linux-x86_64-debian-clang 1.2 9.10 76.88 85.98 NOTE
r-devel-linux-x86_64-debian-gcc 1.2 6.57 58.80 65.37 NOTE
r-devel-linux-x86_64-fedora-clang 1.2 107.24 NOTE
r-devel-linux-x86_64-fedora-gcc 1.2 105.06 NOTE
r-devel-windows-x86_64 1.2 8.00 74.00 82.00 NOTE
r-patched-linux-x86_64 1.2 5.67 75.35 81.02 OK
r-release-linux-x86_64 1.2 6.36 75.66 82.02 OK
r-release-macos-arm64 1.2 34.00 OK
r-release-macos-x86_64 1.2 53.00 OK
r-release-windows-x86_64 1.2 12.00 85.00 97.00 OK
r-oldrel-macos-arm64 1.2 35.00 OK
r-oldrel-windows-x86_64 1.2 11.00 89.00 100.00 OK

Check Details

Version: 1.2
Check: Rd files
Result: NOTE checkRd: (-1) electData.Rd:16: Lost braces; missing escapes or markup? 16 | Variables: \code{id} = {identification number}, | ^ checkRd: (-1) electData.Rd:17: Lost braces; missing escapes or markup? 17 | \code{state} = {state}, \code{age} = age in years on a shifted scale (current age minus 70), | ^ checkRd: (-1) summary.elect.Rd:25: Lost braces; missing escapes or markup? 25 | TRUE for output on start-state totals e_{r.} (for \code{S}>0) | ^ Flavors: r-devel-linux-x86_64-debian-clang, r-devel-linux-x86_64-debian-gcc, r-devel-linux-x86_64-fedora-clang, r-devel-linux-x86_64-fedora-gcc, r-devel-windows-x86_64