Last updated on 2023-09-24 05:53:09 CEST.
Flavor | Version | Tinstall | Tcheck | Ttotal | Status | Flags |
---|---|---|---|---|---|---|
r-devel-linux-x86_64-debian-clang | 1.11 | 2.88 | 32.30 | 35.18 | NOTE | |
r-devel-linux-x86_64-debian-gcc | 1.11 | 2.17 | 25.03 | 27.20 | NOTE | |
r-devel-linux-x86_64-fedora-clang | 1.11 | 43.54 | NOTE | |||
r-devel-linux-x86_64-fedora-gcc | 1.11 | 42.24 | NOTE | |||
r-devel-windows-x86_64 | 1.11 | 3.00 | 48.00 | 51.00 | NOTE | |
r-patched-linux-x86_64 | 1.11 | 3.21 | 31.71 | 34.92 | NOTE | |
r-release-linux-x86_64 | 1.11 | 2.94 | 32.49 | 35.43 | NOTE | |
r-release-macos-arm64 | 1.11 | 20.00 | NOTE | |||
r-release-macos-x86_64 | 1.11 | 26.00 | NOTE | |||
r-release-windows-x86_64 | 1.11 | 4.00 | 55.00 | 59.00 | NOTE | |
r-oldrel-macos-arm64 | 1.11 | 17.00 | OK | |||
r-oldrel-macos-x86_64 | 1.11 | 25.00 | OK | |||
r-oldrel-windows-x86_64 | 1.11 | 7.00 | 54.00 | 61.00 | OK |
Version: 1.11
Check: package subdirectories
Result: NOTE
Problems with news in ‘NEWS.md’:
No news entries found.
Flavors: r-devel-linux-x86_64-debian-clang, r-devel-linux-x86_64-debian-gcc, r-devel-linux-x86_64-fedora-clang, r-devel-linux-x86_64-fedora-gcc, r-devel-windows-x86_64, r-patched-linux-x86_64, r-release-linux-x86_64, r-release-macos-arm64, r-release-macos-x86_64, r-release-windows-x86_64